{"id":4706,"date":"2009-01-30T15:25:01","date_gmt":"2009-01-30T15:25:01","guid":{"rendered":"jug_ausschreibung.htm"},"modified":"2008-08-31T17:30:38","modified_gmt":"2008-08-31T17:30:38","slug":"jug_ausschreibung.htm","status":"publish","type":"page","link":"https:\/\/www.schachklub-bad-homburg.de\/?page_id=4706","title":{"rendered":"Jugendturnier 2008, Ausschreibung"},"content":{"rendered":"<p><a href=\"http:\/\/www.schachklub-bad-homburg.de?p=4706\">Ausschreibung<\/a> &nbsp;  <a href=\"wp-content\/uploads\/2009\/01\/492_Flyer Jugendturnier.pdf\">Flyer<\/a> &nbsp;  <a href=\"http:\/\/www.schachklub-bad-homburg.de?p=4707\">Teilnehmer<\/a>     &nbsp;  <a href=\"http:\/\/www.schachklub-bad-homburg.de?p=4708\">Runden und Ergebnisse<\/a> &nbsp;  <a href=\"http:\/\/www.schachklub-bad-homburg.de?p=4123\">Kreuztabelle<\/a><\/p>\n<table bgColor=\"#FFFFFF\" border=\"1\">\n<tbody>\n<tr>\n<td align=\"top\" width=\"120\"><b>             Kurzinfo<\/b>        <\/td>\n<td align=\"top\">           <b>Schachturnier f\u00fcr Jugendliche<\/b> unter Turnierbedingungen, aber mit verk\u00fcrzter Bedenkzeit. Nach M\u00f6glichkeit werden die Partien            im Anschluss an die Partie gemeinsam mit den Jugendleitern besprochen.         <\/td>\n<\/tr>\n<tr>\n<td align=\"top\" width=\"120\"><b>             Teilnehmer<\/b>        <\/td>\n<td align=\"top\">           Das Turnier ist <b>offen<\/b> f\u00fcr alle jugendlichen Schachspieler zwischen 9 und 15 Jahren. Mitgliedschaft ist nicht erforderlich.            Allerdings soll das Turnier auch auf die Jugendturniere auf Bezirksebene vorbereiten, f\u00fcr die die Teilnehmer dann aber Mitglied sein m\u00fcssen.         <\/td>\n<\/tr>\n<tr>\n<td align=\"top\" width=\"120\"><b>             Turniermodus,             <br \/>             Bedenkzeit<\/b>        <\/td>\n<td align=\"top\">             Je nach Teilnehmerzahl wird ein Rundenturnier oder ein Schweizer-System-Turnier gespielt.        <\/td>\n<\/tr>\n<tr>\n<td align=\"top\" width=\"120\"><b>             Spielort<\/b>        <\/td>\n<td align=\"top\">             In der Regel wird im Vereinshaus Gonzenheim in Bad Homburg gespielt (<a href = \"http:\/\/www.schachklub-bad-homburg.de?p=3776\">Anfahrtskizze<\/a>).        <\/td>\n<\/tr>\n<tr>\n<td align=\"top\" width=\"120\"><b>             Meldeschluss        <\/td>\n<td align=\"top\">             Das Turnier beginnt am <b>18.01.2008<\/b>, Anmeldeschluss ist unmittelbar vorher.             <br \/>             Weitere Informationen und Anmeldungen bei Matthias Siegmann,  Tel. 06172 \/ 454088, email: <a href = \"mailto:Matthias.Siegmann@gmx.de\">Matthias.Siegmann@gmx.de<\/a>        <\/td>\n<\/tr>\n<tr>\n<td align=\"top\" width=\"120\"><b>             Spieltage        <\/td>\n<td align=\"top\">           Das Turnier wird zwischen dem 18.01.2008 und dem 13.06.2008 abgewickelt, gespielt wird im Jugendtraining zwischen 17:30 und 19:00 Uhr.           Nicht alle dieser Termine werden f\u00fcr das Turnier ben\u00f6tigt, dazwischen wird auch das Gespielte besprochen.        <\/td>\n<\/tr>\n<tr>\n<td align=\"top\" width=\"120\"><b>             Preise        <\/td>\n<td align=\"top\">             Der Turniersieger erh\u00e4lt einen <b>Pokal<\/b>, die n\u00e4chstplatzierten je eine <b>Medaille<\/b>. Alle Teilnehmer erhalten eine <b>Urkunde<\/b>!        <\/td>\n<\/tr>\n<tr>\n<td align=\"top\" width=\"120\"><b>             Startgeld, Reuegeld        <\/td>\n<td align=\"top\">             Die Teilnahme kostet f\u00fcr Nichtmitglieder <b>20 &euro;<\/b>. Mitglieder k\u00f6nnen kostenfrei mitspielen.         <\/td>\n<\/tr>\n<tr>\n<td align=\"top\" width=\"120\"><b>            Info-Dienst        <\/td>\n<td align=\"top\">             \u00dcber dieses Turnier wird aktuell im Internet und per Aushang berichtet.              Alle das Turnier betreffende Informationen werden ausschlie\u00dflich so ver\u00f6ffentlicht.        <\/td>\n<\/tr>\n<tr>\n<td align=\"top\" width=\"120\"><b>             Veranstalter        <\/td>\n<td align=\"top\">             Der <a href = \"http:\/\/www.schachklub-bad-homburg.de\" target =\"_top\">Schachklub Bad Homburg<\/a> ist der Veranstalter dieses Turniers.        <\/td>\n<\/tr>\n<tr>\n<td align=\"top\" width=\"120\"><b>             Fragen?        <\/td>\n<td align=\"top\">             Bitte wenden Sie sich an Matthias Siegmann, Tel. 06172 \/ 454088, email: <a href = \"mailto:Matthias.Siegmann@gmx.de\">Matthias.Siegmann@gmx.de<\/a>        <\/td>\n<\/tr>\n<\/tbody>\n<\/table><\/div>\n","protected":false},"excerpt":{"rendered":"<p>Ausschreibung &nbsp; Flyer &nbsp; Teilnehmer &nbsp; Runden und Ergebnisse &nbsp; Kreuztabelle Kurzinfo Schachturnier f\u00fcr Jugendliche unter Turnierbedingungen, aber mit verk\u00fcrzter Bedenkzeit. Nach M\u00f6glichkeit werden die Partien im Anschluss an die Partie gemeinsam mit den Jugendleitern besprochen. Teilnehmer Das Turnier ist offen f\u00fcr alle jugendlichen Schachspieler zwischen 9 und 15 Jahren. Mitgliedschaft ist nicht erforderlich. Allerdings <a href=\"https:\/\/www.schachklub-bad-homburg.de\/?page_id=4706\" class=\"more-link\">...weiterlesen<span class=\"screen-reader-text\"> \"Jugendturnier 2008, Ausschreibung\"<\/span><\/a><\/p>\n","protected":false},"author":1,"featured_media":0,"parent":4123,"menu_order":10,"comment_status":"closed","ping_status":"closed","template":"","meta":{"footnotes":""},"class_list":["post-4706","page","type-page","status-publish","h-entry","hentry","h-as-page"],"_links":{"self":[{"href":"https:\/\/www.schachklub-bad-homburg.de\/index.php?rest_route=\/wp\/v2\/pages\/4706","targetHints":{"allow":["GET"]}}],"collection":[{"href":"https:\/\/www.schachklub-bad-homburg.de\/index.php?rest_route=\/wp\/v2\/pages"}],"about":[{"href":"https:\/\/www.schachklub-bad-homburg.de\/index.php?rest_route=\/wp\/v2\/types\/page"}],"author":[{"embeddable":true,"href":"https:\/\/www.schachklub-bad-homburg.de\/index.php?rest_route=\/wp\/v2\/users\/1"}],"replies":[{"embeddable":true,"href":"https:\/\/www.schachklub-bad-homburg.de\/index.php?rest_route=%2Fwp%2Fv2%2Fcomments&post=4706"}],"version-history":[{"count":0,"href":"https:\/\/www.schachklub-bad-homburg.de\/index.php?rest_route=\/wp\/v2\/pages\/4706\/revisions"}],"up":[{"embeddable":true,"href":"https:\/\/www.schachklub-bad-homburg.de\/index.php?rest_route=\/wp\/v2\/pages\/4123"}],"wp:attachment":[{"href":"https:\/\/www.schachklub-bad-homburg.de\/index.php?rest_route=%2Fwp%2Fv2%2Fmedia&parent=4706"}],"curies":[{"name":"wp","href":"https:\/\/api.w.org\/{rel}","templated":true}]}}