{"id":4446,"date":"2009-01-30T15:24:59","date_gmt":"2009-01-30T15:24:59","guid":{"rendered":"vem_ausschreibung.htm"},"modified":"2008-08-31T17:28:07","modified_gmt":"2008-08-31T17:28:07","slug":"vem_ausschreibung.htm","status":"publish","type":"page","link":"https:\/\/www.schachklub-bad-homburg.de\/?page_id=4446","title":{"rendered":"Vereinsmeisterschaft 2006, Ausschreibung"},"content":{"rendered":"<p><a href=\"http:\/\/www.schachklub-bad-homburg.de?p=4446\">Ausschreibung<\/a> &nbsp;  <a href=\"http:\/\/www.schachklub-bad-homburg.de?p=4447\">   Teilnehmer   <\/a>     &nbsp;  <a href=\"http:\/\/www.schachklub-bad-homburg.de?p=4448\">     Runden und Ergebnisse<\/a> &nbsp;  <a href=\"http:\/\/www.schachklub-bad-homburg.de?p=4130\"> Kreuztabelle<\/a><\/p>\n<table class=MsoNormalTable border=1 cellpadding=0 width=550 style=width:412.5pt;   mso-cellspacing:1.5pt;mso-padding-alt:0cm 0cm 0cm 0cm>\n<tr style=mso-yfti-irow:0;mso-yfti-firstrow:yes>\n<td colspan=3 style=border:none;padding:.75pt .75pt .75pt .75pt 400>        <\/td>\n<\/tr>\n<p>   <u1:p><\/u1:p>   <\/p>\n<tr style=mso-yfti-irow:1>\n<td width=120 style=width:90.0pt;background:#FFFFFF;padding:.75pt .75pt .75pt .75pt>\n<p class=MsoNormal style=mso-margin-top-alt:auto;mso-margin-bottom-alt:auto><b><span    style=font-size:10.0pt;font-family:Arial>Kurzinfo<\/span><\/b><\/p>\n<\/td>\n<p>    <u1:p><\/u1:p>    <\/p>\n<td width=10 style=width:7.5pt;background:#FFFFFF;padding:.75pt .75pt .75pt .75pt>\n<p class=MsoNormal style=mso-margin-top-alt:auto;mso-margin-bottom-alt:auto>&nbsp;<\/p>\n<\/td>\n<p>    <u1:p><\/u1:p>    <\/p>\n<td style=background:#FFFFFF;padding:.75pt .75pt .75pt .75pt>\n<p class=MsoNormal style=mso-margin-top-alt:auto;mso-margin-bottom-alt:auto><span    style=font-size:10.0pt;font-family:Arial>Vereinsturnier mit Pokal und    Preisen und einer Bedenkzeit von einer<span style=mso-spacerun:yes>\u00a0    <\/span>Stunde f\u00fcr 30 Z\u00fcge plus 30 Minuten f\u00fcr den Rest.&nbsp;Vollrundig oder    nach Schweizer System je nach Beteiligung.<\/span><\/p>\n<\/td>\n<\/tr>\n<p>   <u1:p><\/u1:p>   <\/p>\n<tr style=mso-yfti-irow:2>\n<td width=120 valign=top style=width:90.0pt;background:#FFFFFF;padding:.75pt .75pt .75pt .75pt>\n<p class=MsoNormal style=mso-margin-top-alt:auto;mso-margin-bottom-alt:auto><b><span    style=font-size:10.0pt;font-family:Arial>Teilnehmer<\/span><\/b><\/p>\n<\/td>\n<p>    <u1:p><\/u1:p>    <\/p>\n<td width=10 valign=top style=width:7.5pt;background:#FFFFFF;padding:.75pt .75pt .75pt .75pt>\n<p class=MsoNormal style=mso-margin-top-alt:auto;mso-margin-bottom-alt:auto>&nbsp;<\/p>\n<\/td>\n<p>    <u1:p><\/u1:p>    <\/p>\n<td valign=top style=background:#FFFFFF;padding:.75pt .75pt .75pt .75pt>\n<p class=MsoNormal style=mso-margin-top-alt:auto;mso-margin-bottom-alt:auto><span    style=font-size:10.0pt;font-family:Arial>Alle Vereinsmitglieder sowie    Interessierte nach Anfrage.&nbsp;<\/span><\/p>\n<\/td>\n<\/tr>\n<p>   <u1:p><\/u1:p>   <\/p>\n<tr style=mso-yfti-irow:3>\n<td width=120 valign=top style=width:90.0pt;background:#FFFFFF;padding:.75pt .75pt .75pt .75pt>\n<p class=MsoNormal style=mso-margin-top-alt:auto;mso-margin-bottom-alt:auto><b><span    style=font-size:10.0pt;font-family:Arial>Turniermodus<\/span><\/b><\/p>\n<\/td>\n<p>    <u1:p><\/u1:p>    <\/p>\n<td width=10 valign=top style=width:7.5pt;background:#FFFFFF;padding:.75pt .75pt .75pt .75pt>\n<p class=MsoNormal style=mso-margin-top-alt:auto;mso-margin-bottom-alt:auto>&nbsp;<\/p>\n<\/td>\n<p>    <u1:p><\/u1:p>    <\/p>\n<td valign=top style=background:#FFFFFF;padding:.75pt .75pt .75pt .75pt>\n<p class=MsoNormal style=mso-margin-top-alt:auto;mso-margin-bottom-alt:auto><span    style=font-size:10.0pt;font-family:Arial>Bei bis zu 8 Teilnehmern    Rundenturnier; bei 9 bis 11 Teilnehmern 6,<span style=mso-spacerun:yes>\u00a0    <\/span>bei mehr als 11 Teilnehmern 7 Runden Schweizer System.     F\u00fcr die    Durchf\u00fchrung des Turniers werden 7 Runden im Kalender reserviert.&nbsp;<\/p>\n<p>    Als Tiebreak-Modus wird zun\u00e4chst die Buchholzwertung (ohne Streichergebnis) sowie danach die Sonneborn-Berger-Wertung verwendet. Bei erneutem Gleichstand entscheiden 2 Blitzpartien.<\/span>    <\/td>\n<\/tr>\n<p>   <u1:p><\/u1:p>   <\/p>\n<tr style=mso-yfti-irow:4>\n<td width=120 style=width:90.0pt;background:#FFFFFF;padding:.75pt .75pt .75pt .75pt>\n<p class=MsoNormal style=mso-margin-top-alt:auto;mso-margin-bottom-alt:auto><b><span    style=font-size:10.0pt;font-family:Arial>Bedenkzeit<\/span><\/b><\/p>\n<\/td>\n<p>    <u1:p><\/u1:p>    <\/p>\n<td width=10 style=width:7.5pt;background:#FFFFFF;padding:.75pt .75pt .75pt .75pt>\n<p class=MsoNormal style=mso-margin-top-alt:auto;mso-margin-bottom-alt:auto>&nbsp;<\/p>\n<\/td>\n<p>    <u1:p><\/u1:p>    <\/p>\n<td style=background:#FFFFFF;padding:.75pt .75pt .75pt .75pt>\n<p class=MsoNormal style=mso-margin-top-alt:auto;mso-margin-bottom-alt:auto><span    style=font-size:10.0pt;font-family:Arial>1 Stunde f\u00fcr die ersten 30 Z\u00fcge    zuz\u00fcglich 30 Minuten f\u00fcr den Rest der Partie pro Spieler.<\/span><\/p>\n<\/td>\n<\/tr>\n<p>   <u1:p><\/u1:p>   <\/p>\n<tr style=mso-yfti-irow:5>\n<td width=120 valign=top style=width:90.0pt;background:#FFFFFF;padding:.75pt .75pt .75pt .75pt>\n<p class=MsoNormal style=mso-margin-top-alt:auto;mso-margin-bottom-alt:auto><b><span    style=font-size:10.0pt;font-family:Arial>Spielort<\/span><\/b><\/p>\n<\/td>\n<p>    <u1:p><\/u1:p>    <\/p>\n<td width=10 valign=top style=width:7.5pt;background:#FFFFFF;padding:.75pt .75pt .75pt .75pt>\n<p class=MsoNormal style=mso-margin-top-alt:auto;mso-margin-bottom-alt:auto>&nbsp;<\/p>\n<\/td>\n<p>    <u1:p><\/u1:p>    <\/p>\n<td valign=top style=background:#FFFFFF;padding:.75pt .75pt .75pt .75pt>\n<p class=MsoNormal style=mso-margin-top-alt:auto;mso-margin-bottom-alt:auto><span    style=font-size:10.0pt;font-family:Arial>In der Regel wird im Vereinshaus    Gonzenheim in Bad Homburg gespielt (<a href=\"http:\/\/www.schachklub-bad-homburg.de?p=3776\">Anfahrtskizze<\/a>).<\/span><\/p>\n<\/td>\n<\/tr>\n<p>   <u1:p><\/u1:p>   <\/p>\n<tr style=mso-yfti-irow:6>\n<td width=120 valign=top style=width:90.0pt;background:#FFFFFF;padding:.75pt .75pt .75pt .75pt>\n<p class=MsoNormal style=mso-margin-top-alt:auto;mso-margin-bottom-alt:auto><b><span    style=font-size:10.0pt;font-family:Arial>Meldeschluss<\/span><\/b><\/p>\n<\/td>\n<td width=10 valign=top style=width:7.5pt;background:#FFFFFF;padding:.75pt .75pt .75pt .75pt>\n<p class=MsoNormal style=mso-margin-top-alt:auto;mso-margin-bottom-alt:auto>&nbsp;<\/p>\n<\/td>\n<p>    <u1:p><\/u1:p>    <\/p>\n<td valign=top style=background:#FFFFFF;padding:.75pt .75pt .75pt .75pt>    <b><span style=font-size:10.0pt;font-family:Arial>02.    Oktober 2006, 24:00 Uhr (Achtung: der letzte Spielabend vor der 1. Runde ist    der 15.09.2006!). <\/span><\/b>    <br \/><span style=font-size:10.0pt;font-family:Arial;    mso-bidi-font-weight:bold>Die Anmeldung ist auch telefonisch oder per E-Mail    m\u00f6glich an:<o:p><\/o:p><\/span>    <br \/><span style=font-size:10.0pt;font-family:Arial>Paul    Lenhart, G\u00fcldens\u00f6llerweg 29, 61350 Bad Homburg <o:p><\/o:p><\/span>    <br \/><span style=font-size:10.0pt;font-family:Arial>Tel.: <b    style=mso-bidi-font-weight:normal>06172\/32274<\/b>, <o:p><\/o:p><\/span>    <br \/><span style=font-size:10.0pt;font-family:Arial>E-Mail: <st1:PersonName    w:st=\"on\"><b style=mso-bidi-font-weight:normal><a href = \"mailto:turnierleiter@schachklub-bad-homburg.de\">turnierleiter@schachklub-bad-homburg.de<\/a><\/b><\/st1:PersonName><\/span>    <\/td>\n<\/tr>\n<tr style=mso-yfti-irow:7>\n<td width=120 valign=top style=width:90.0pt;background:#FFFFFF;padding:.75pt .75pt .75pt .75pt>\n<p class=MsoNormal style=mso-margin-top-alt:auto;mso-margin-bottom-alt:auto><b><span    style=font-size:10.0pt;font-family:Arial>Spieltage<\/span><\/b><\/p>\n<\/td>\n<p>    <u1:p><\/u1:p>    <\/p>\n<td width=10 valign=top style=width:7.5pt;background:#FFFFFF;padding:.75pt .75pt .75pt .75pt>\n<p class=MsoNormal style=mso-margin-top-alt:auto;mso-margin-bottom-alt:auto>&nbsp;<\/p>\n<\/td>\n<p>    <u1:p><\/u1:p>    <\/p>\n<td valign=top style=background:#FFFFFF;padding:.75pt .75pt .75pt .75pt>    <span    style=font-size:10.0pt;font-family:Arial>Es wird sp\u00e4testens um <b    style=mso-bidi-font-weight:normal>20:30 Uhr<\/b> mit den Runden begonnen.<o:p><\/o:p><\/span>    <br \/><span    style=font-size:10.0pt;font-family:Arial><b>1. Runde:<\/b> <b style=mso-bidi-font-weight:    normal>13.10.2006 <u1:p><\/u1:p><\/span>    <br \/><span    style=font-size:10.0pt;font-family:Arial>2. Runde: <b style=mso-bidi-font-weight:    normal>03.11.2006 <u1:p><\/u1:p><\/span>    <br \/><span    style=font-size:10.0pt;font-family:Arial>3. Runde: <b style=mso-bidi-font-weight:    normal>01.12.2006<u1:p><\/u1:p><\/span>    <br \/><span    style=font-size:10.0pt;font-family:Arial>4. Runde: <b style=mso-bidi-font-weight:    normal>15.12.2006<u1:p><\/u1:p><\/span>    <br \/><span    style=font-size:10.0pt;font-family:Arial>5. Runde: 19.01.2007 (geplant)<\/span>    <br \/><span    style=font-size:10.0pt;font-family:Arial>6. Runde: 02.02.2007<u1:p><\/u1:p>    (geplant)<o:p><\/o:p><\/span>    <br \/><span    style=font-size:10.0pt;font-family:Arial>7. Runde: 16.02.2007<u1:p><\/u1:p>    (geplant)<\/span>    <\/td>\n<\/tr>\n<tr style=mso-yfti-irow:8>\n<td width=120 valign=top style=width:90.0pt;background:#FFFFFF;padding:.75pt .75pt .75pt .75pt>\n<p class=MsoNormal style=mso-margin-top-alt:auto;mso-margin-bottom-alt:auto><b><span    style=font-size:10.0pt;font-family:Arial>Preise<\/span><\/b><\/p>\n<\/td>\n<p>    <u1:p><\/u1:p>    <\/p>\n<td width=10 valign=top style=width:7.5pt;background:#FFFFFF;padding:.75pt .75pt .75pt .75pt>\n<p class=MsoNormal style=mso-margin-top-alt:auto;mso-margin-bottom-alt:auto>&nbsp;<\/p>\n<\/td>\n<p>    <u1:p><\/u1:p>    <\/p>\n<td valign=top style=background:#FFFFFF;padding:.75pt .75pt .75pt .75pt>\n<p class=MsoNormal style=mso-margin-top-alt:auto;mso-margin-bottom-alt:auto><span    style=font-size:10.0pt;font-family:Arial>Der Sieger erh\u00e4lt einen Pokal. Die    ersten Drei erhalten eine Urkunde sowie ein Preisgeld in H\u00f6he von 50 Euro f\u00fcr    den Sieger, 25 Euro f\u00fcr den Zweiten und 10 Euro f\u00fcr den Dritten.<\/span><\/p>\n<\/td>\n<\/tr>\n<p>   <u1:p><\/u1:p>   <\/p>\n<tr style=mso-yfti-irow:9>\n<td width=120 valign=top style=width:90.0pt;background:#FFFFFF;padding:.75pt .75pt .75pt .75pt>\n<p class=MsoNormal style=mso-margin-top-alt:auto;mso-margin-bottom-alt:auto><b><span    style=font-size:10.0pt;font-family:Arial>DWZ-Wertung<\/span><\/b><\/p>\n<\/td>\n<p>    <u1:p><\/u1:p>    <\/p>\n<td width=10 valign=top style=width:7.5pt;background:#FFFFFF;padding:.75pt .75pt .75pt .75pt>\n<p class=MsoNormal style=mso-margin-top-alt:auto;mso-margin-bottom-alt:auto>&nbsp;<\/p>\n<\/td>\n<p>    <u1:p><\/u1:p>    <\/p>\n<td valign=top style=background:#FFFFFF;padding:.75pt .75pt .75pt .75pt>\n<p class=MsoNormal style=mso-margin-top-alt:auto;mso-margin-bottom-alt:auto><span    style=font-size:10.0pt;font-family:Arial>F\u00fcr das Turnier erfolgt eine    DWZ-Wertung.<\/span><\/p>\n<\/td>\n<\/tr>\n<tr style=mso-yfti-irow:10>\n<td width=120 valign=top style=width:90.0pt;background:#FFFFFF;padding:.75pt .75pt .75pt .75pt>\n<p class=MsoNormal style=mso-margin-top-alt:auto;mso-margin-bottom-alt:auto><b><span    style=font-size:10.0pt;font-family:Arial>Reuegeld<\/span><\/b><\/p>\n<\/td>\n<p>    <u1:p><\/u1:p>    <\/p>\n<td width=10 valign=top style=width:7.5pt;background:#FFFFFF;padding:.75pt .75pt .75pt .75pt>\n<p class=MsoNormal style=mso-margin-top-alt:auto;mso-margin-bottom-alt:auto>&nbsp;<\/p>\n<\/td>\n<p>    <u1:p><\/u1:p>    <\/p>\n<td valign=top style=background:#FFFFFF;padding:.75pt .75pt .75pt .75pt>\n<p class=MsoNormal style=mso-margin-top-alt:auto;mso-margin-bottom-alt:auto><span    style=font-size:10.0pt;font-family:Arial>Es wird zwar diesmal kein Reuegeld    erhoben, aber es wird eine sehr hohe Turnierdisziplin erwartet, insbesondere    wenn nach Schweizer System gespielt wird.<\/span><\/p>\n<\/td>\n<\/tr>\n<tr style=mso-yfti-irow:11>\n<td width=120 valign=top style=width:90.0pt;background:#FFFFFF;padding:.75pt .75pt .75pt .75pt>\n<p class=MsoNormal style=mso-margin-top-alt:auto;mso-margin-bottom-alt:auto><b><span    style=font-size:10.0pt;font-family:Arial>Info-Dienst<\/span><\/b><\/p>\n<\/td>\n<p>    <u1:p><\/u1:p>    <\/p>\n<td width=10 valign=top style=width:7.5pt;background:#FFFFFF;padding:.75pt .75pt .75pt .75pt>\n<p class=MsoNormal style=mso-margin-top-alt:auto;mso-margin-bottom-alt:auto>&nbsp;<\/p>\n<\/td>\n<p>    <u1:p><\/u1:p>    <\/p>\n<td valign=top style=background:#FFFFFF;padding:.75pt .75pt .75pt .75pt>\n<p class=MsoNormal><span style=font-size:10.0pt;font-family:Arial>\u00dcber    dieses Turnier und den Fortschritt der einzelnen Teilnehmer wird per Aushang    in den Vereinsr\u00e4umen sowie aktuell im Internet berichtet. Alle das Turnier    betreffenden Informationen werden per E-Mail verteilt oder \u00fcber diese Seiten    des Vereines ver\u00f6ffentlicht.<\/span><\/p>\n<\/td>\n<\/tr>\n<p>   <u1:p><\/u1:p>   <\/p>\n<tr style=mso-yfti-irow:12>\n<td width=120 valign=top style=width:90.0pt;background:#FFFFFF;padding:.75pt .75pt .75pt .75pt>\n<p class=MsoNormal style=mso-margin-top-alt:auto;mso-margin-bottom-alt:auto><b><span    style=font-size:10.0pt;font-family:Arial>Veranstalter<\/span><\/b><\/p>\n<\/td>\n<p>    <u1:p><\/u1:p>    <\/p>\n<td width=10 valign=top style=width:7.5pt;background:#FFFFFF;padding:.75pt .75pt .75pt .75pt>\n<p class=MsoNormal style=mso-margin-top-alt:auto;mso-margin-bottom-alt:auto>&nbsp;<\/p>\n<\/td>\n<p>    <u1:p><\/u1:p>    <\/p>\n<td valign=top style=background:#FFFFFF;padding:.75pt .75pt .75pt .75pt>\n<p class=MsoNormal style=mso-margin-top-alt:auto;mso-margin-bottom-alt:auto><span    style=font-size:10.0pt;font-family:Arial>Der <a    href=\"http:\/\/www.schachklub-bad-homburg.de\" target = \"_top\">Schachklub Bad Homburg<\/a> ist    der Veranstalter dieses Turniers.<\/span><\/p>\n<\/td>\n<\/tr>\n<p>   <u1:p><\/u1:p>   <\/p>\n<tr style=mso-yfti-irow:13;mso-yfti-lastrow:yes>\n<td width=120 valign=top style=width:90.0pt;background:#FFFFFF;padding:.75pt .75pt .75pt .75pt>\n<p class=MsoNormal style=mso-margin-top-alt:auto;mso-margin-bottom-alt:auto><b><span    style=font-size:10.0pt;font-family:Arial>Noch Fragen?<\/span><\/b><\/p>\n<\/td>\n<p>    <u1:p><\/u1:p>    <\/p>\n<td width=10 valign=top style=width:7.5pt;background:#FFFFFF;padding:.75pt .75pt .75pt .75pt>\n<p class=MsoNormal style=mso-margin-top-alt:auto;mso-margin-bottom-alt:auto>&nbsp;<\/p>\n<\/td>\n<p>    <u1:p><\/u1:p>    <\/p>\n<td valign=top style=background:#FFFFFF;padding:.75pt .75pt .75pt .75pt>\n<p class=MsoNormal style=mso-margin-top-alt:auto;mso-margin-bottom-alt:auto><span    style=font-size:10.0pt;font-family:Arial>Dann reicht eine <a    href=\"mailto:turnierleiter@schachklub-bad-homburg.de\">Mail-Nachricht an den    Turnierleiter<\/a>, die kurzfristig beantwortet wird!<\/span><\/p>\n<\/td>\n<\/tr>\n<p>   <u1:p><\/u1:p>  <\/table>\n<\/p><\/div>\n","protected":false},"excerpt":{"rendered":"<p>Ausschreibung &nbsp; Teilnehmer &nbsp; Runden und Ergebnisse &nbsp; Kreuztabelle Kurzinfo &nbsp; Vereinsturnier mit Pokal und Preisen und einer Bedenkzeit von einer\u00a0 Stunde f\u00fcr 30 Z\u00fcge plus 30 Minuten f\u00fcr den Rest.&nbsp;Vollrundig oder nach Schweizer System je nach Beteiligung. Teilnehmer &nbsp; Alle Vereinsmitglieder sowie Interessierte nach Anfrage.&nbsp; Turniermodus &nbsp; Bei bis zu 8 Teilnehmern Rundenturnier; bei <a href=\"https:\/\/www.schachklub-bad-homburg.de\/?page_id=4446\" class=\"more-link\">...weiterlesen<span class=\"screen-reader-text\"> \"Vereinsmeisterschaft 2006, Ausschreibung\"<\/span><\/a><\/p>\n","protected":false},"author":1,"featured_media":0,"parent":4130,"menu_order":10,"comment_status":"closed","ping_status":"closed","template":"","meta":{"footnotes":""},"class_list":["post-4446","page","type-page","status-publish","h-entry","hentry","h-as-page"],"_links":{"self":[{"href":"https:\/\/www.schachklub-bad-homburg.de\/index.php?rest_route=\/wp\/v2\/pages\/4446","targetHints":{"allow":["GET"]}}],"collection":[{"href":"https:\/\/www.schachklub-bad-homburg.de\/index.php?rest_route=\/wp\/v2\/pages"}],"about":[{"href":"https:\/\/www.schachklub-bad-homburg.de\/index.php?rest_route=\/wp\/v2\/types\/page"}],"author":[{"embeddable":true,"href":"https:\/\/www.schachklub-bad-homburg.de\/index.php?rest_route=\/wp\/v2\/users\/1"}],"replies":[{"embeddable":true,"href":"https:\/\/www.schachklub-bad-homburg.de\/index.php?rest_route=%2Fwp%2Fv2%2Fcomments&post=4446"}],"version-history":[{"count":0,"href":"https:\/\/www.schachklub-bad-homburg.de\/index.php?rest_route=\/wp\/v2\/pages\/4446\/revisions"}],"up":[{"embeddable":true,"href":"https:\/\/www.schachklub-bad-homburg.de\/index.php?rest_route=\/wp\/v2\/pages\/4130"}],"wp:attachment":[{"href":"https:\/\/www.schachklub-bad-homburg.de\/index.php?rest_route=%2Fwp%2Fv2%2Fmedia&parent=4446"}],"curies":[{"name":"wp","href":"https:\/\/api.w.org\/{rel}","templated":true}]}}