{"id":4170,"date":"2009-01-30T15:24:59","date_gmt":"2009-01-30T15:24:59","guid":{"rendered":"http:\/\/vorstand.htm"},"modified":"2020-01-26T10:54:11","modified_gmt":"2020-01-26T09:54:11","slug":"vorstandsmitglieder-2006","status":"publish","type":"page","link":"https:\/\/www.schachklub-bad-homburg.de\/?page_id=4170","title":{"rendered":"Vorstandsmitglieder 2006"},"content":{"rendered":"<table>\n<tbody>\n<tr>\n<td bgcolor=\"#cccccc\" width=\"150\"><span style=\"font-family: Arial;\"> <b>1. Vorsitzender<\/b> <\/span><\/td>\n<td bgcolor=\"#ffffff\" width=\"200\"><span style=\"font-family: Arial;\"> <a href=\"mailto:vorsitzender@schachklub-bad-homburg.de\">J\u00fcrgen Roser<\/a> <\/span><\/td>\n<\/tr>\n<tr>\n<td bgcolor=\"#cccccc\"><span style=\"font-family: Arial;\"> <b>2. Vorsitzender<\/b> <\/span><\/td>\n<td bgcolor=\"#ffffff\"><span style=\"font-family: Arial;\"> <a href=\"mailto:vorsitzender2@schachklub-bad-homburg.de\">Gerald Braunberger<\/a> <\/span><\/td>\n<\/tr>\n<tr>\n<td bgcolor=\"#cccccc\"><span style=\"font-family: Arial;\"> <b>Kassenwart<\/b> <\/span><\/td>\n<td bgcolor=\"#ffffff\"><span style=\"font-family: Arial;\"> <a href=\"mailto:kassenwart@schachklub-bad-homburg.de\">G\u00fcnter Horny<\/a> <\/span><\/td>\n<\/tr>\n<tr>\n<td bgcolor=\"#cccccc\"><span style=\"font-family: Arial;\"> <b>Turnierleiter<\/b> <\/span><\/td>\n<td bgcolor=\"#ffffff\"><span style=\"font-family: Arial;\"> <a href=\"mailto:turnierleiter@schachklub-bad-homburg.de\">Paul Lenhart<\/a> <\/span><\/td>\n<\/tr>\n<tr>\n<td bgcolor=\"#cccccc\"><span style=\"font-family: Arial;\"> <b>Schriftf\u00fchrer<\/b> <\/span><\/td>\n<td bgcolor=\"#ffffff\"><span style=\"font-family: Arial;\"> Norbert Waleschkowski <\/span><\/td>\n<\/tr>\n<tr>\n<td bgcolor=\"#cccccc\"><span style=\"font-family: Arial;\"> <b>Jugendleiter<\/b> <\/span><\/td>\n<td bgcolor=\"#ffffff\"><span style=\"font-family: Arial;\"> <a href=\"mailto:jugendleiter@schachklub-bad-homburg.de\">Egon Biondic<\/a> <\/span><\/td>\n<\/tr>\n<tr>\n<td bgcolor=\"#cccccc\"><span style=\"font-family: Arial;\"> <b>Pressewart<\/b> <\/span><\/td>\n<td bgcolor=\"#ffffff\"><span style=\"font-family: Arial;\"> <a href=\"mailto:webmaster@schachklub-bad-homburg.de\">Walter Schmidt<\/a> <\/span><\/td>\n<\/tr>\n<tr>\n<td bgcolor=\"#cccccc\"><span style=\"font-family: Arial;\"> <b>Materialwart<\/b> <\/span><\/td>\n<td bgcolor=\"#ffffff\"><span style=\"font-family: Arial;\"> Frank Hoffmann <\/span><\/td>\n<\/tr>\n<tr>\n<td bgcolor=\"#cccccc\"><span style=\"font-family: Arial;\"> <b>Seniorenwart<\/b> <\/span><\/td>\n<td bgcolor=\"#ffffff\"><span style=\"font-family: Arial;\"> Helmut Desor <\/span><\/td>\n<\/tr>\n<\/tbody>\n<\/table>\n","protected":false},"excerpt":{"rendered":"<p>1. Vorsitzender J\u00fcrgen Roser 2. Vorsitzender Gerald Braunberger Kassenwart G\u00fcnter Horny Turnierleiter Paul Lenhart Schriftf\u00fchrer Norbert Waleschkowski Jugendleiter Egon Biondic Pressewart Walter Schmidt Materialwart Frank Hoffmann Seniorenwart Helmut Desor<\/p>\n","protected":false},"author":1,"featured_media":0,"parent":4433,"menu_order":10,"comment_status":"closed","ping_status":"closed","template":"","meta":{"footnotes":""},"class_list":["post-4170","page","type-page","status-publish","h-entry","hentry","h-as-page"],"_links":{"self":[{"href":"https:\/\/www.schachklub-bad-homburg.de\/index.php?rest_route=\/wp\/v2\/pages\/4170","targetHints":{"allow":["GET"]}}],"collection":[{"href":"https:\/\/www.schachklub-bad-homburg.de\/index.php?rest_route=\/wp\/v2\/pages"}],"about":[{"href":"https:\/\/www.schachklub-bad-homburg.de\/index.php?rest_route=\/wp\/v2\/types\/page"}],"author":[{"embeddable":true,"href":"https:\/\/www.schachklub-bad-homburg.de\/index.php?rest_route=\/wp\/v2\/users\/1"}],"replies":[{"embeddable":true,"href":"https:\/\/www.schachklub-bad-homburg.de\/index.php?rest_route=%2Fwp%2Fv2%2Fcomments&post=4170"}],"version-history":[{"count":1,"href":"https:\/\/www.schachklub-bad-homburg.de\/index.php?rest_route=\/wp\/v2\/pages\/4170\/revisions"}],"predecessor-version":[{"id":16202,"href":"https:\/\/www.schachklub-bad-homburg.de\/index.php?rest_route=\/wp\/v2\/pages\/4170\/revisions\/16202"}],"up":[{"embeddable":true,"href":"https:\/\/www.schachklub-bad-homburg.de\/index.php?rest_route=\/wp\/v2\/pages\/4433"}],"wp:attachment":[{"href":"https:\/\/www.schachklub-bad-homburg.de\/index.php?rest_route=%2Fwp%2Fv2%2Fmedia&parent=4170"}],"curies":[{"name":"wp","href":"https:\/\/api.w.org\/{rel}","templated":true}]}}