{"id":3844,"date":"2011-01-10T21:12:09","date_gmt":"2011-01-10T21:12:09","guid":{"rendered":"http:\/\/links.htm"},"modified":"2025-08-14T11:28:33","modified_gmt":"2025-08-14T09:28:33","slug":"links-zu-anderen-schachseiten","status":"publish","type":"page","link":"https:\/\/www.schachklub-bad-homburg.de\/?page_id=3844","title":{"rendered":"Links zu anderen Schachseiten"},"content":{"rendered":"<p>Die folgende Auswahl von Links ist relativ willk\u00fcrlich und keinesfalls vollst\u00e4ndig. Anmerkungen an <a href=\"mailto:webmaster@schachklub-bad-homburg.de\">webmaster@schachklub-bad-homburg.de<\/a> sind jederzeit willkommen.<\/p>\n<table style = \"border: none; font-size: 100%\">\n<tbody>\n<tr style = \"border: none;\">\n<th colspan=\"3\"><b>Nachrichtenseiten<\/b><\/th>\n<\/tr>\n<tr>\n<td valign=\"top\" bgcolor=\"#c0c0c0\"><a href=\"http:\/\/www.chessbase.de\">www.chessbase.de<\/a><\/td>\n<td valign=\"top\">Chessbase - die gr\u00f6\u00dfte deutsche Nachrichten- und Software-Seite \u00fcber Schach.<\/td>\n<td><a href=\"http:\/\/www.chessbase.de\"><img decoding=\"async\" src=\"wp-content\/uploads\/2011\/01\/3723_ChessBaseLogo.jpg\" \/><\/a><\/td>\n<\/tr>\n<tr>\n<td valign=\"top\" bgcolor=\"#c0c0c0\"><a href=\"http:\/\/www.chess.com\">www.chess.com<\/a><\/td>\n<td valign=\"top\">Chess.com - eine englischsprachige Nachrichtenseiten mit journalistischem Anspruch.<\/td>\n<td><a href=\"http:\/\/www.chess.com\"><img decoding=\"async\" src=\"wp-content\/uploads\/2019\/10\/LogoChessCom.png\" \/><\/a><\/td>\n<\/tr>\n<tr>\n<td valign=\"top\" bgcolor=\"#c0c0c0\"><a href=\"http:\/\/www.chess-tigers.de\">www.chesstigers.de<\/a><\/td>\n<td valign=\"top\">ChessTigers - die Homepage rund um die Chess-Classics mit laufend aktuellen Nachrichten.<\/td>\n<td><a href=\"http:\/\/www.chess-tigers.de\"><img decoding=\"async\" src=\"wp-content\/uploads\/2009\/01\/3726_chesstigers.jpg\" \/><\/a><\/td>\n<\/tr>\n<tr>\n<td valign=\"top\" bgcolor=\"#c0c0c0\"><a href=\"http:\/\/www.schachbundesliga.de\">www.schachbundesliga.de<\/a><\/td>\n<td valign=\"top\">Web-Pr\u00e4senz der Schach-Bundesliga<\/td>\n<td><a href=\"http:\/\/www.schachbundesliga.de\"><img decoding=\"async\" src=\"wp-content\/uploads\/2011\/01\/3760_SchachbundesligaLogo.jpg\" \/><\/a><\/td>\n<\/tr>\n<tr>\n<td valign=\"top\" bgcolor=\"#c0c0c0\"><a href=\"http:\/\/www.chess-international.de\">www.chess-international.de\/<\/a><\/td>\n<td valign=\"top\">Franz Jittenmeier berichtet \u00fcber Schach aus der ganzen Welt. Mit Live-Partie-Portal<\/td>\n<td><a href=\"http:\/\/www.chess-international.de\"><img decoding=\"async\" src=\"wp-content\/uploads\/2011\/11\/3725_chessinternational.jpg\" \/><\/a><\/td>\n<\/tr>\n<tr>\n<td valign=\"top\" bgcolor=\"#c0c0c0\"><a href=\"http:\/\/www.chess24.com\">www.chess24.com\/<\/a><\/td>\n<td valign=\"top\">Die neue Schachseite unter Mitarbeit von Jan Gustafsson: News, Spielen, Zuschauen und Lernen!<\/td>\n<td><a href=\"http:\/\/www.chess24.com\"><img decoding=\"async\" src=\"wp-content\/uploads\/2014\/02\/3722_chess24.jpg\" \/><\/a><\/td>\n<\/tr>\n<tr style = \"border: none;\">\n<th colspan=\"3\"><b>Schach-Blogs<\/b><\/th>\n<\/tr>\n<tr>\n<td valign=\"top\" bgcolor=\"#c0c0c0\"><a href=\"https:\/\/www.schachgefluester.de\/\">Schachgefl\u00fcster<\/a><\/td>\n<td valign=\"top\">Der Blog zum popul\u00e4ren Schachgefl\u00fcster-Podcast<\/td>\n<td><a href=\"httpshttps:\/\/www.schachgefluester.de\/\"><img decoding=\"async\" src=\"wp-content\/uploads\/2020\/05\/Schachgefluester.jpg\" \/><\/a><\/td>\n<\/tr>\n<tr>\n<td valign=\"top\" bgcolor=\"#c0c0c0\"><a href=\"https:\/\/chessily.com\">Chessily.com<\/a><\/td>\n<td valign=\"top\">Chessily is your go-to resource for learning all about the beautiful game of chess<\/td>\n<td><a href=\"https:\/\/chessily.com\"><img decoding=\"async\" src=\"https:\/\/www.schachklub-bad-homburg.de\/wp-content\/uploads\/2022\/12\/Chessily.png\" \/><\/a><\/td>\n<\/tr>\n<tr>\n<td valign=\"top\" bgcolor=\"#c0c0c0\"><a href=\"https:\/\/schachmatt.net\">SCHACHMATT.NET<\/a><\/td>\n<td valign=\"top\">Lernhilfen f\u00fcr ambitionierte Anf\u00e4nger. Erfahrene Spieler k\u00f6nnen sich im Blog umschauen und \u00fcber aktuelle Geschehnisse informiert bleiben oder sich weiter \u00fcber Schach informieren<\/td>\n<td><img loading=\"lazy\" decoding=\"async\" src=\"https:\/\/www.schachklub-bad-homburg.de\/wp-content\/uploads\/2021\/03\/Schachmatt_net.png\" alt=\"\" width=\"1080\" height=\"250\" class=\"alignnone size-full wp-image-18950\" srcset=\"https:\/\/www.schachklub-bad-homburg.de\/wp-content\/uploads\/2021\/03\/Schachmatt_net.png 1080w, https:\/\/www.schachklub-bad-homburg.de\/wp-content\/uploads\/2021\/03\/Schachmatt_net-300x69.png 300w, https:\/\/www.schachklub-bad-homburg.de\/wp-content\/uploads\/2021\/03\/Schachmatt_net-1024x237.png 1024w, https:\/\/www.schachklub-bad-homburg.de\/wp-content\/uploads\/2021\/03\/Schachmatt_net-768x178.png 768w\" sizes=\"auto, (max-width: 1080px) 100vw, 1080px\" \/><\/td>\n<\/tr>\n<tr>\n<td valign=\"top\" bgcolor=\"#c0c0c0\"><a href=\"http:\/\/www.jan-gustafsson.de\">www.jan-gustafsson.de<\/a><\/td>\n<td valign=\"top\">Gro\u00dfmeister Jan Gustafsson: Chessblog mit eloquenten, kurzweiligen Inhalten \u00fcber aktuelles in der Schachwelt.<\/td>\n<td><a href=\"http:\/\/www.jan-gustafsson.de\"><img decoding=\"async\" src=\"wp-content\/uploads\/2011\/01\/3742_JanGustafssonLogo.jpg\" \/><\/a><\/td>\n<\/tr>\n<tr>\n<td valign=\"top\" bgcolor=\"#c0c0c0\"><a href=\"http:\/\/www.chessninja.com\/dailydirt\">www.chessninja.com\/dailydirt<\/a><\/td>\n<td valign=\"top\">Mig Greengard: Blog \u00fcber dies und das in der Schachwelt<\/td>\n<td><a href=\"http:\/\/www.chessninja.com\/dailydirt\"><img decoding=\"async\" src=\"wp-content\/uploads\/2011\/01\/3728_DailyDirtLogo.jpg\" \/><\/a><\/td>\n<\/tr>\n<tr>\n<td valign=\"top\" bgcolor=\"#c0c0c0\"><a href=\"http:\/\/www.xs4all.nl\/~timkr\/chess\/chess.html\">www.xs4all.nl\/~timkr\/chess\/chess.html<\/a><\/td>\n<td valign=\"top\">Tim Krabb\u00e9: Chess curiosities. Vergn\u00fcgliches aus der Welt des Kunstschachs.<\/td>\n<td><a href=\"http:\/\/www.xs4all.nl\/~timkr\/chess\/chess.html\"><img decoding=\"async\" src=\"wp-content\/uploads\/2011\/01\/3770_TimKrabbe.jpg\" \/><\/a><\/td>\n<\/tr>\n<tr>\n<td valign=\"top\" bgcolor=\"#c0c0c0\"><a href=\"http:\/\/schach-welt.de\/\">http:\/\/schach-welt.de\/<\/a><\/td>\n<td valign=\"top\">Schach-Welt: Schachblog von Gro\u00dfmeister J\u00f6rg Hickl mit vielen Gastautoren.<\/td>\n<td><a href=\"http:\/\/schach-welt.de\/\"><img decoding=\"async\" src=\"wp-content\/uploads\/2011\/02\/3759_schach-welt.jpg\" \/><\/a><\/td>\n<\/tr>\n<tr>\n<td valign=\"top\" bgcolor=\"#c0c0c0\"><a href=\"http:\/\/kdfb-schach.blogspot.com\">http:\/\/kdfb-schach.blogspot.com<\/a><\/td>\n<td valign=\"top\">KDFB (Ladja Ro\u00dfdorf): Stets aktuelles Blog mit gelegentlichen Links auf internationale Events.<\/td>\n<td><a href=\"http:\/\/kdfb-schach.blogspot.com\"><img decoding=\"async\" src=\"wp-content\/uploads\/2011\/01\/3744_kdfb.jpg\" \/><\/a><\/td>\n<\/tr>\n<tr style = \"border: none;\">\n<th colspan=\"3\"><b>Training, Foren u.\u00e4.<\/b><\/th>\n<\/tr>\n<tr>\n<td valign=\"top\" bgcolor=\"#c0c0c0\"><a href=\"https:\/\/www.c-and-a.com\/de\/de\/shop\/schach-fuer-kinder\">Schach f\u00fcr Kinder: Info & Tipps<\/a><\/td>\n<td valign=\"top\">Schach f\u00fcr Kinder: Info & tipps<\/td>\n<\/tr>\n<tr>\n<td valign=\"top\" bgcolor=\"#c0c0c0\"><a href=\"http:\/\/www.chessable.com\">www.chessable.com<\/a><\/td>\n<td valign=\"top\">Schach Lernplattform<\/td>\n<td><a href=\"http:\/\/www.chessable.com\"><img decoding=\"async\" src=\"https:\/\/www.schachklub-bad-homburg.de\/wp-content\/uploads\/2020\/03\/logo@1600px-1-300x75-1.png\" alt=\"\" \/><\/a><\/td>\n<\/tr>\n<tr>\n<td valign=\"top\" bgcolor=\"#c0c0c0\"><a href=\"http:\/\/www.schachfeld.de\">www.schachfeld.de<\/a><\/td>\n<td valign=\"top\">Forum rund um das Schachspiel<\/td>\n<td><a href=\"http:\/\/www.schachfeld.de\"><img decoding=\"async\" src=\"wp-content\/uploads\/2011\/01\/3761_SchachfeldLogo.jpg\" \/><\/a><\/td>\n<\/tr>\n<tr>\n<td valign=\"top\" bgcolor=\"#c0c0c0\"><a href=\"http:\/\/www.schach-tipps.de\">www.schach-tipps.de<\/a><\/td>\n<td valign=\"top\">Schach-Tipps: Trainings-Seite, eher f\u00fcr Anf\u00e4nger<\/td>\n<td><a href=\"http:\/\/www.schach-tipps.de\"><img decoding=\"async\" src=\"wp-content\/uploads\/2011\/01\/3764_SchachTippsLogo.jpg\" \/><\/a><\/td>\n<\/tr>\n<tr>\n<td valign=\"top\" bgcolor=\"#c0c0c0\"><a href=\"http:\/\/www.chessgames.com\">www.chessgames.com<\/a><\/td>\n<td valign=\"top\">Chessgames.com: Gro\u00dfe und kostenfreie Partiendatenbank<\/td>\n<td><a href=\"http:\/\/www.chessgames.com\"><img decoding=\"async\" src=\"wp-content\/uploads\/2011\/01\/3724_ChessGamesLogo.jpg\" \/><\/a><\/td>\n<\/tr>\n<tr>\n<td valign=\"top\" bgcolor=\"#c0c0c0\"><a href=\"https:\/\/youtu.be\/JudrxGhl1Uw\">https:\/\/youtu.be\/JudrxGhl1Uw<\/a><\/td>\n<td valign=\"top\">YouTube: Hier ein Werbefilm f\u00fcr das Schachspiel von Walter R\u00e4dler<\/td>\n<td><a href=\"https:\/\/youtu.be\/JudrxGhl1Uw\"><img decoding=\"async\" src=\"wp-content\/uploads\/2019\/10\/Werbefilm-Ausschnitt.png\" \/><\/a><\/td>\n<\/tr>\n<tr style = \"border: none;\">\n<th colspan=\"3\"><b>Verb\u00e4nde<\/b><\/th>\n<\/tr>\n<tr>\n<td valign=\"top\" bgcolor=\"#c0c0c0\"><a href=\"http:\/\/www.fide.com\">www.fide.com<\/a><\/td>\n<td valign=\"top\">Fide: Web-Pr\u00e4senz des Weltschachbundes<\/td>\n<td><a href=\"http:\/\/www.fide.com\"><img decoding=\"async\" src=\"wp-content\/uploads\/2009\/01\/3733_fide-logo.jpg\" \/><\/a><\/td>\n<\/tr>\n<tr>\n<td valign=\"top\" bgcolor=\"#c0c0c0\"><a href=\"http:\/\/www.schachbund.de\">www.schachbund.de<\/a><\/td>\n<td valign=\"top\">Deutscher Schachbund: Nachrichtenseite rund um das Deutsche Spitzenschach<\/td>\n<td><a href=\"http:\/\/www.schachbund.de\"><img decoding=\"async\" src=\"wp-content\/uploads\/2020\/08\/logoDSBNeu.jpg\" \/><\/a><\/td>\n<\/tr>\n<tr>\n<td valign=\"top\" bgcolor=\"#c0c0c0\"><a href=\"http:\/\/www.hessischer-schachverband.de\">www.hessischer-schachverband.de<\/a><\/td>\n<td valign=\"top\">Offizielle Web-Pr\u00e4senz des Hessischen Schachverbandes<\/td>\n<td><a href=\"http:\/\/www.hessischer-schachverband.de\"><img decoding=\"async\" src=\"wp-content\/uploads\/2009\/01\/3739_hsv-logo.jpg\" \/><\/a><\/td>\n<\/tr>\n<tr>\n<td valign=\"top\" bgcolor=\"#c0c0c0\"><a href=\"http:\/\/hessische.schach-chroniken.net\">http:\/\/hessische.schach-chroniken.net<\/a><\/td>\n<td valign=\"top\">Inoffizielle Web-Pr\u00e4senz des Hessischen Schachverbandes, die h\u00e4ufiger aktueller ist<\/td>\n<td><a href=\"http:\/\/hessische.schach-chroniken.net\"><img decoding=\"async\" src=\"wp-content\/uploads\/2011\/01\/3762_SchachInHessen.jpg\" \/><\/a><\/td>\n<\/tr>\n<tr>\n<td valign=\"top\" bgcolor=\"#c0c0c0\"><a href=\"https:\/\/schachbezirk-frankfurt.de\/\">https:\/\/schachbezirk-frankfurt.de\/<\/a><\/td>\n<td valign=\"top\">Offizielle Webseite des Schachbezirks Frankfurt<\/td>\n<td><a href=\"https:\/\/schachbezirk-frankfurt.de\/\"><img decoding=\"async\" src=\"wp-content\/uploads\/2019\/02\/LogoSchachbezirkFrankfurt.jpg\" \/><\/a><\/td>\n<\/tr>\n<tr style = \"border: none;\">\n<th colspan=\"3\"><b>Schach online spielen<\/b><\/th>\n<\/tr>\n<tr>\n<td valign=\"top\" bgcolor=\"#c0c0c0\"><a href=\"https:\/\/lichess.org\">www.lichess.org<\/a><\/td>\n<td valign=\"top\">Lichess, ein werbefreier, kostenloser Schachserver, der komplett auf freier Software l\u00e4uft. Riesige Funktionalit\u00e4t, sch\u00f6nes Interface.<\/td>\n<td><a href=\"http:\/\/lichess.org\"><img decoding=\"async\" src=\"wp-content\/uploads\/2018\/07\/LiChessLogo.jpg\" \/><\/a><\/td>\n<\/tr>\n<tr>\n<td valign=\"top\" bgcolor=\"#c0c0c0\"><a href=\"http:\/\/www.chessclub.com\">www.chessclub.com<\/a><\/td>\n<td valign=\"top\">Internet-Chess-Club: Die weltweit wohl wichtigste Online-Plattform zum Schachspielen<\/td>\n<td><a href=\"http:\/\/www.chessclub.com\"><img decoding=\"async\" src=\"wp-content\/uploads\/2011\/01\/3740_ICCLogo.jpg\" \/><\/a><\/td>\n<\/tr>\n<tr>\n<td valign=\"top\" bgcolor=\"#c0c0c0\"><a href=\"http:\/\/www.playchess.com\">www.playchess.com<\/a><\/td>\n<td valign=\"top\">Playchess.com: Die deutsche Online-Plattform f\u00fcrs Internet-Schach.<\/td>\n<td><a href=\"http:\/\/www.playchess.com\"><img decoding=\"async\" src=\"wp-content\/uploads\/2018\/07\/playChessLogo.jpg\" \/><\/a><\/td>\n<\/tr>\n<tr>\n<td valign=\"top\" bgcolor=\"#c0c0c0\"><a href=\"http:\/\/www.chess24.com\">www.chess24.com<\/a><\/td>\n<td valign=\"top\">chess24.de: Der Aufsteiger unter den Schach-Webseiten.<\/td>\n<td><a href=\"http:\/\/www.chess24.com\"><img decoding=\"async\" src=\"wp-content\/uploads\/2014\/02\/3722_chess24.jpg\" \/><\/a><\/td>\n<\/tr>\n<tr>\n<td valign=\"top\" bgcolor=\"#c0c0c0\"><a href=\"http:\/\/www.playok.com\">www.playok.com<\/a><\/td>\n<td valign=\"top\">PlayOK.com: Ein einfaches und vor allem kostenloses Interface f\u00fcrs Internet-Schach.<\/td>\n<td><a href=\"http:\/\/www.playok.com\"><img decoding=\"async\" src=\"wp-content\/uploads\/2011\/01\/3754_PlayOkLogo.jpg\" \/><\/a><\/td>\n<\/tr>\n<tr style = \"border: none;\">\n<th colspan=\"3\"><b>Schachmaterial<\/b><\/th>\n<\/tr>\n<tr>\n<td valign=\"top\" bgcolor=\"#c0c0c0\"><a href=\"http:\/\/www.schachspiel.org\/\">www.schachspiel.org\/<\/a><\/td>\n<td valign=\"top\">Schachspiel - die sch\u00f6nsten Schachbretter<\/td>\n<td><a href=\"http:\/\/www.schachspiel.org\/\"><img decoding=\"async\" src=\"wp-content\/uploads\/2017\/01\/3763_schachspielOrgLogo.jpg\" \/><\/a><\/td>\n<\/tr>\n<\/tbody>\n<\/table>\n","protected":false},"excerpt":{"rendered":"<p>Die folgende Auswahl von Links ist relativ willk\u00fcrlich und keinesfalls vollst\u00e4ndig. Anmerkungen an webmaster@schachklub-bad-homburg.de sind jederzeit willkommen. Nachrichtenseiten www.chessbase.de Chessbase - die gr\u00f6\u00dfte deutsche Nachrichten- und Software-Seite \u00fcber Schach. www.chess.com Chess.com - eine englischsprachige Nachrichtenseiten mit journalistischem Anspruch. www.chesstigers.de ChessTigers - die Homepage rund um die Chess-Classics mit laufend aktuellen Nachrichten. www.schachbundesliga.de Web-Pr\u00e4senz der Schach-Bundesliga <a href=\"https:\/\/www.schachklub-bad-homburg.de\/?page_id=3844\" class=\"more-link\">...weiterlesen<span class=\"screen-reader-text\"> \"Links zu anderen Schachseiten\"<\/span><\/a><\/p>\n","protected":false},"author":1,"featured_media":0,"parent":0,"menu_order":50,"comment_status":"closed","ping_status":"closed","template":"page-templates\/full-width.php","meta":{"footnotes":""},"class_list":["post-3844","page","type-page","status-publish","h-entry","hentry","h-as-page"],"_links":{"self":[{"href":"https:\/\/www.schachklub-bad-homburg.de\/index.php?rest_route=\/wp\/v2\/pages\/3844","targetHints":{"allow":["GET"]}}],"collection":[{"href":"https:\/\/www.schachklub-bad-homburg.de\/index.php?rest_route=\/wp\/v2\/pages"}],"about":[{"href":"https:\/\/www.schachklub-bad-homburg.de\/index.php?rest_route=\/wp\/v2\/types\/page"}],"author":[{"embeddable":true,"href":"https:\/\/www.schachklub-bad-homburg.de\/index.php?rest_route=\/wp\/v2\/users\/1"}],"replies":[{"embeddable":true,"href":"https:\/\/www.schachklub-bad-homburg.de\/index.php?rest_route=%2Fwp%2Fv2%2Fcomments&post=3844"}],"version-history":[{"count":20,"href":"https:\/\/www.schachklub-bad-homburg.de\/index.php?rest_route=\/wp\/v2\/pages\/3844\/revisions"}],"predecessor-version":[{"id":32760,"href":"https:\/\/www.schachklub-bad-homburg.de\/index.php?rest_route=\/wp\/v2\/pages\/3844\/revisions\/32760"}],"wp:attachment":[{"href":"https:\/\/www.schachklub-bad-homburg.de\/index.php?rest_route=%2Fwp%2Fv2%2Fmedia&parent=3844"}],"curies":[{"name":"wp","href":"https:\/\/api.w.org\/{rel}","templated":true}]}}