{"id":34806,"date":"2026-01-21T20:13:13","date_gmt":"2026-01-21T19:13:13","guid":{"rendered":"https:\/\/www.schachklub-bad-homburg.de\/?page_id=34806"},"modified":"2026-01-21T20:20:45","modified_gmt":"2026-01-21T19:20:45","slug":"jugend-blitzmeisterschaft-2026-ausschreibung","status":"publish","type":"page","link":"https:\/\/www.schachklub-bad-homburg.de\/?page_id=34806","title":{"rendered":"Jugend-Blitzmeisterschaft 2026, Ausschreibung"},"content":{"rendered":"\n<p><a href=\"https:\/\/www.schachklub-bad-homburg.de\/?page_id=34806\">Ausschreibung<\/a> <a href=\"https:\/\/www.schachklub-bad-homburg.de\/?page_id=34814\">Tabelle<\/a> <a href=\"https:\/\/www.schachklub-bad-homburg.de\/?page_id=30646\">Historie<\/a><\/p>\n\n\n\n<figure class=\"wp-block-table\"><table><tbody><tr><th><b> Kurzinfo<\/b><\/th><td>Monatliche Jugendblitzturniere <b>vollrundig<\/b> in 6er-Gruppen.<\/td><\/tr><tr><th><b> Bedenkzeit<\/b><\/th><td><b>3 Minuten plus 2 Sekunden<\/b> <strong>pro Zug (Fischer-Modus) je SpielerIn und Partie.<\/strong><\/td><\/tr><tr><th><b> Spielbeginn, Meldeschluss<\/b><\/th><td>Turnierbeginn ist im Rahmen des Jugendtrainings jeweils gegen 18:50 Uhr, Meldeschluss ist unmittelbar davor. Wer zu sp\u00e4t kommt, hat kein Recht auf Teilnahme!<\/td><\/tr><tr><th><b>Teilnehmer<\/b><\/th><td>Jugendliche Vereinsmitglieder&nbsp;(Jahrgang 2005 und j\u00fcnger) sind teilnahmeberechtigt. G\u00e4ste k\u00f6nnen ohne Wertung mitspielen. Ausnahmen k\u00f6nnen von der Turnierleitung zugelassen werden.<\/td><\/tr><tr><th><b>Spieltage<\/b><\/th><td>23.01.2026<br>20.02.2026<br>20.03.2026<br>24.04.2026<br>22.05.2026<br>26.06.2026<br>21.08.2026<br>25.09.2026<br>30.10.2026<br>27.11.2026<br>11.12.2026<br>\u00dcber aktuelle Verlegungen informiert der&nbsp;<a href=\"https:\/\/www.schachklub-bad-homburg.de\/?page_id=28780\">Veranstaltungskalender<\/a>.<\/td><\/tr><tr><th><b>Hauptpreise<\/b><\/th><td>Die 3 Erstplatzierten erhalten Pokale.<\/td><\/tr><tr><th><b>Altersklassenpreise<\/b><\/th><td>Es werden die Altersklassen U8, U10 und U12 eingerichtet, wenn mindestens 3 Spieler einer Altersklasse teilnehmen.<br>Bei 3 Spielern \u2192 1 Ratingpreis<br>Bei 4-5 Spielern \u2192 2 Ratingpreise<br>Ab 6 Spielern \u2192 3 Ratingpreise<br>Pokalgewinner sind von den Ratingpreisen ausgenommen.<\/td><\/tr><tr><th><b>Rangliste f\u00fcr die Jahreswertung<\/b><\/th><td>Alle Turniere werden f\u00fcr die Ermittlung der Jahreswertung herangezogen. F\u00fcr den&nbsp;<strong>1. Platz eines Monatsturniers gibt es 20 Punkte<\/strong>, f\u00fcr den 2. Platz 19 Punkte usw.; ab dem 20. Platz gibt es je 1 Punkt.<br>Belegen mehrere Spieler den gleichen Platz, erhalten sie die gleiche (hohe) Punktzahl.&nbsp;Die besten 8 Turnierwertungen je Teilnehmer werden zusammengez\u00e4hlt, die Summe bestimmt dann die Rangfolge. Bei Gleichstand um den 1., 2. oder 3. Platz erfolgen Stichk\u00e4mpfe nach Vorgabe des Turnierleiters.<\/td><\/tr><tr><th><b>Spielmodus<\/b><\/th><td>Auf Basis der TWZ aus der letztj\u00e4hrigen Blitzmeisterschaft zu Jahresbeginn wird eine Startrangliste erstellt. SpielerInnen die erstmalig teilnehmen, werden mit ihrer DWZ (oder einem gesch\u00e4tzten Wert) eingestuft. Am Spieltag werden Gruppen aus normalerweise je 6 SpielerInnen der Anwesenden in absteigender Reihenfolge der Startrangliste gebildet. In jeder Gruppe wird ein Rundenturnier gespielt. Aus den Partieergebnissen wird eine neue Turnierwertungszahl (TWZ) aus einer modifizierten DWZ-Berechnungslogik errechnet. Daraus ergibt sich die Startrangliste f\u00fcr den n\u00e4chsten Spieltag. Unterj\u00e4hrig neu einsteigende SpielerInnen werden mit ihrer DWZ oder bei DWZ-losen SpielerInnen mit einer gesch\u00e4tzten TWZ in die Startrangliste einsortiert. Versp\u00e4tet zum Spieltag erscheinende SpielerInnen werden ggfs. abweichend einer Turniergruppe zugewiesen.<\/td><\/tr><tr><th><b>Info-Dienst<\/b><\/th><td>\u00dcber dieses Turnier und den Fortschritt der einzelnen Teilnehmer wird aktuell im Internet berichtet. Alle das Turnier betreffende Informationen werden ausschlie\u00dflich so ver\u00f6ffentlicht.<\/td><\/tr><tr><th><b>Veranstalter<\/b><\/th><td>Der&nbsp;<a href=\"https:\/\/www.schachklub-bad-homburg.de\/\">Schachklub Bad Homburg<\/a>&nbsp;ist der Veranstalter dieses Turniers.<\/td><\/tr><tr><th><b>Noch Fragen?<\/b><\/th><td>Eine e-mail an den&nbsp;<a href=\"mailto:Jugendleiter@schachklub-bad-homburg.de\">Organisator<\/a>&nbsp;wird kurzfristig beantwortet.<\/td><\/tr><\/tbody><\/table><\/figure>\n","protected":false},"excerpt":{"rendered":"<p>Ausschreibung Tabelle Historie Kurzinfo Monatliche Jugendblitzturniere vollrundig in 6er-Gruppen. Bedenkzeit 3 Minuten plus 2 Sekunden pro Zug (Fischer-Modus) je SpielerIn und Partie. Spielbeginn, Meldeschluss Turnierbeginn ist im Rahmen des Jugendtrainings jeweils gegen 18:50 Uhr, Meldeschluss ist unmittelbar davor. Wer zu sp\u00e4t kommt, hat kein Recht auf Teilnahme! Teilnehmer Jugendliche Vereinsmitglieder&nbsp;(Jahrgang 2005 und j\u00fcnger) sind teilnahmeberechtigt. <a href=\"https:\/\/www.schachklub-bad-homburg.de\/?page_id=34806\" class=\"more-link\">...weiterlesen<span class=\"screen-reader-text\"> \"Jugend-Blitzmeisterschaft 2026, Ausschreibung\"<\/span><\/a><\/p>\n","protected":false},"author":10,"featured_media":0,"parent":34518,"menu_order":0,"comment_status":"closed","ping_status":"closed","template":"","meta":{"footnotes":""},"class_list":["post-34806","page","type-page","status-publish","h-entry","hentry","h-as-page"],"_links":{"self":[{"href":"https:\/\/www.schachklub-bad-homburg.de\/index.php?rest_route=\/wp\/v2\/pages\/34806","targetHints":{"allow":["GET"]}}],"collection":[{"href":"https:\/\/www.schachklub-bad-homburg.de\/index.php?rest_route=\/wp\/v2\/pages"}],"about":[{"href":"https:\/\/www.schachklub-bad-homburg.de\/index.php?rest_route=\/wp\/v2\/types\/page"}],"author":[{"embeddable":true,"href":"https:\/\/www.schachklub-bad-homburg.de\/index.php?rest_route=\/wp\/v2\/users\/10"}],"replies":[{"embeddable":true,"href":"https:\/\/www.schachklub-bad-homburg.de\/index.php?rest_route=%2Fwp%2Fv2%2Fcomments&post=34806"}],"version-history":[{"count":6,"href":"https:\/\/www.schachklub-bad-homburg.de\/index.php?rest_route=\/wp\/v2\/pages\/34806\/revisions"}],"predecessor-version":[{"id":34816,"href":"https:\/\/www.schachklub-bad-homburg.de\/index.php?rest_route=\/wp\/v2\/pages\/34806\/revisions\/34816"}],"up":[{"embeddable":true,"href":"https:\/\/www.schachklub-bad-homburg.de\/index.php?rest_route=\/wp\/v2\/pages\/34518"}],"wp:attachment":[{"href":"https:\/\/www.schachklub-bad-homburg.de\/index.php?rest_route=%2Fwp%2Fv2%2Fmedia&parent=34806"}],"curies":[{"name":"wp","href":"https:\/\/api.w.org\/{rel}","templated":true}]}}