{"id":34676,"date":"2026-01-14T19:58:47","date_gmt":"2026-01-14T18:58:47","guid":{"rendered":"https:\/\/www.schachklub-bad-homburg.de\/?page_id=34676"},"modified":"2026-01-14T20:30:53","modified_gmt":"2026-01-14T19:30:53","slug":"blitzmeisterschaft-2026-ausschreibung","status":"publish","type":"page","link":"https:\/\/www.schachklub-bad-homburg.de\/?page_id=34676","title":{"rendered":"Blitzmeisterschaft 2026, Ausschreibung"},"content":{"rendered":"\n<p><a href=\"https:\/\/www.schachklub-bad-homburg.de\/?page_id=34676\">Ausschreibung<\/a> <a href=\"https:\/\/www.schachklub-bad-homburg.de\/?page_id=34682\" data-type=\"page\" data-id=\"34682\">Rangliste<\/a> <a href=\"https:\/\/www.schachklub-bad-homburg.de\/?page_id=30642\">Historie<\/a><\/p>\n\n\n\n<p><a href=\"https:\/\/www.schachklub-bad-homburg.de\/?page_id=34684\" data-type=\"page\" data-id=\"34684\">Januar<\/a> <a href=\"https:\/\/www.schachklub-bad-homburg.de\/?page_id=34687\" data-type=\"page\" data-id=\"34687\">Februar<\/a> <a href=\"https:\/\/www.schachklub-bad-homburg.de\/?page_id=34690\" data-type=\"page\" data-id=\"34690\">M\u00e4rz<\/a> <a href=\"https:\/\/www.schachklub-bad-homburg.de\/?page_id=34693\" data-type=\"page\" data-id=\"34693\">April<\/a> <a href=\"https:\/\/www.schachklub-bad-homburg.de\/?page_id=34696\" data-type=\"page\" data-id=\"34696\">Mai<\/a> <a href=\"https:\/\/www.schachklub-bad-homburg.de\/?page_id=34699\" data-type=\"page\" data-id=\"34699\">Juni<\/a> <a href=\"https:\/\/www.schachklub-bad-homburg.de\/?page_id=34702\" data-type=\"page\" data-id=\"34702\">Juli<\/a> <a href=\"https:\/\/www.schachklub-bad-homburg.de\/?page_id=34705\" data-type=\"page\" data-id=\"34705\">August<\/a> <a href=\"https:\/\/www.schachklub-bad-homburg.de\/?page_id=34708\" data-type=\"page\" data-id=\"34708\">September<\/a> <a href=\"https:\/\/www.schachklub-bad-homburg.de\/?page_id=34711\" data-type=\"page\" data-id=\"34711\">Oktober<\/a> <a href=\"https:\/\/www.schachklub-bad-homburg.de\/?page_id=34715\" data-type=\"page\" data-id=\"34715\">November<\/a> <a href=\"https:\/\/www.schachklub-bad-homburg.de\/?page_id=34718\" data-type=\"page\" data-id=\"34718\">Dezember<\/a><\/p>\n\n\n\n<h3 class=\"wp-block-heading\"><\/h3>\n\n\n\n<body leftmargin=\"30\">\n\n<h3>Ausschreibung<\/h3>\n<table>\n  <tbody>\n    <tr>\n      <th style=\"vertical-align:top;\">Kurzinfo<\/th>\n      <td>Blitzturniere (weitgehend nach FIDE-Regeln) <b>vollrundig oder nach Schweizer System<\/b> am letzten Spielabend-Freitag im Monat.<\/td>\n    <\/tr>\n    <tr>\n      <th style=\"vertical-align:top;\">Bedenkzeit<\/th>\n      <td><b>3 Minuten plus 2 Sekunden<\/b> pro Zug (Fischer-Modus) je Spieler und Partie. Im Falle eines zurecht reklamierten regelwidrigen Zuges \ngibt es - im Gegensatz zu der unpraktikablen FIDE-Regel - keine Zeitgutschrift, sondern es wird verfahren wie nach dem zweiten solchen Fall (Partieverlust).<\/td>\n    <\/tr>\n    <tr>\n      <th style=\"vertical-align:top;\">Spielort<\/th>\n      <td>In der Regel wird im Vereinshaus Gonzenheim gespielt, eine <a href=\"https:\/\/www.schachklub-bad-homburg.de\/?page_id=3776\">Anfahrtskizze<\/a> \nist unter den Kontaktdaten zu finden.<\/td>\n    <\/tr>\n    <tr>\n      <th style=\"vertical-align:top;\">Spielbeginn, Meldeschluss<\/th>\n      <td>Turnierbeginn ist jeweils <b>p\u00fcnktlich um 20:15 Uhr<\/b>, Meldeschluss ist unmittelbar davor. Wer sp\u00e4ter kommt hat kein Recht auf Teilnahme!<\/td>\n    <\/tr>\n    <tr>\n      <th style=\"vertical-align:top;\">Turniermodus<\/th>\n      <td>Treten <b>mehr als 18 Spieler<\/b> zu einem Termin an, so werden <b>13 Runden nach Schweizer System<\/b> gespielt. \nBei <b>weniger als 7 Teilnehmern wird doppelrundig<\/b> gespielt. Ansonsten wird vollrundig gespielt. In allen F\u00e4llen gibt es keine Feinwertung.<\/td>\n    <\/tr>\n    <tr>\n      <th style=\"vertical-align:top;\">Teilnehmer<\/th>\n      <td>Das Turnier ist offen f\u00fcr alle Schachspieler.<\/td>\n    <\/tr>\n    <tr>\n      <th style=\"vertical-align:top;\">Spieltage<\/th>\n      <td>Es wird monatlich von Januar bis Dezember in der Regel jeweils am letzten Freitag des Monats gespielt, jedoch gibt es Ausnahmen durch Feiertage etc. \n\u00dcber aktuelle Verlegungen informiert der <a href=\"https:\/\/www.schachklub-bad-homburg.de\/?page_id=28780\">Terminkalender<\/a>.<\/td>\n    <\/tr>\n    <tr>\n      <th style=\"vertical-align:top;\">Rangliste f\u00fcr die Jahreswertung<\/th>\n      <td>Alle Turniere werden f\u00fcr die Ermittlung der Jahreswertung herangezogen. F\u00fcr den 1.Platz eines Monatsturniers gibt es 13 Punkte, f\u00fcr den 2.Platz 12 Punkte usw.; \nab dem 13. Platz gibt es je 1 Punkt.<br>Belegen mehrere Spieler den gleichen Platz, erhalten sie die gleiche (hohe) Punktzahl. Die <b>Summe der besten 8 Wertungen<\/b> \nje Teilnehmer bestimmt die Rangfolge. \nBei Gleichstand um den 1., 2. oder 3. Platz erfolgt zun\u00e4chst ein Stichkampfturnier \u00fcber soviele Runden, dass jeder Spieler mindestens 6 Partien spielt; \ndanach ggf. einrundige Stichkampfturniere bis zur Entscheidung. Die anf\u00e4nglichen Farben werden dabei gelost, danach nach M\u00f6glichkeit immer gewechselt.\n<br>Die Summe der in allen Turnieren <b>gegen dabei im jeweiligen Turnier besser platzierte Gegner<\/b> erzielten Punkte bestimmt die Rangliste der <b>Favoritenschrecke<\/b>.\nIm <b>Dezember-Turnier<\/b> erhalten alle Teilnehmer <b>zwei Wertungspunkte und einen Favoritenschreckpunkt zus\u00e4tzlich!<\/b><\/td>\n    <\/tr>\n    <tr>\n      <th style=\"vertical-align:top;\">Preise<\/th>\n      <td>Der <b>Sieger der Jahreswertung<\/b> erh\u00e4lt einen Pokal, die ersten 3 je eine Urkunde sowie ein Preisgeld in H\u00f6he von 60 \u20ac f\u00fcr den Sieger, 40 \u20ac \nf\u00fcr den Zweiten und 20 \u20ac f\u00fcr den Dritten.<br>F\u00fcr die <b>zwei gr\u00f6\u00dften Favoritenschrecke<\/b> der Jahreswertung gibt es 20 bzw. 10 \u20ac.<br>Der <b>Monatsbeste<\/b> \ndes (knappen) unteren Drittels der Start-Rangliste nach Spielst\u00e4rke erh\u00e4lt sofort nach dem Turnierende einen kleinen Sachpreis.\nDiese <b>Spielst\u00e4rke (\"BWZ\") <\/b>wird - beginnend mit der g\u00fcltigen (oder notfalls gesch\u00e4tzten) DWZ bei den Teilnahmen an den Monatsturnieren - nach Methoden \nder DWZ-Ermittling fortlaufend gef\u00fchrt.<\/td>\n    <\/tr>\n    <tr>\n      <th style=\"vertical-align:top;\">Startgelder<\/th>\n      <td>Es wird kein Startgeld erhoben.<\/td>\n    <\/tr>\n    <tr>\n      <th style=\"vertical-align:top;\">Info-Dienst<\/th>\n      <td>\u00dcber dieses Turnier und den Fortschritt der einzelnen Teilnehmer wird aktuell im Internet und per Aushang berichtet.<\/td>\n    <\/tr>\n    <tr>\n      <th style=\"vertical-align:top;\">Veranstalter<\/th>\n      <td>Der <a href=\"https:\/\/www.schachklub-bad-homburg.de\/\">Schachklub Bad Homburg<\/a> ist der Veranstalter dieses Turniers.<\/td>\n    <\/tr>\n  <\/tbody>\n<\/table>\n","protected":false},"excerpt":{"rendered":"<p>Ausschreibung Rangliste Historie Januar Februar M\u00e4rz April Mai Juni Juli August September Oktober November Dezember Ausschreibung Kurzinfo Blitzturniere (weitgehend nach FIDE-Regeln) vollrundig oder nach Schweizer System am letzten Spielabend-Freitag im Monat. Bedenkzeit 3 Minuten plus 2 Sekunden pro Zug (Fischer-Modus) je Spieler und Partie. Im Falle eines zurecht reklamierten regelwidrigen Zuges gibt es - im <a href=\"https:\/\/www.schachklub-bad-homburg.de\/?page_id=34676\" class=\"more-link\">...weiterlesen<span class=\"screen-reader-text\"> \"Blitzmeisterschaft 2026, Ausschreibung\"<\/span><\/a><\/p>\n","protected":false},"author":10,"featured_media":0,"parent":34518,"menu_order":0,"comment_status":"closed","ping_status":"closed","template":"","meta":{"footnotes":""},"class_list":["post-34676","page","type-page","status-publish","h-entry","hentry","h-as-page"],"_links":{"self":[{"href":"https:\/\/www.schachklub-bad-homburg.de\/index.php?rest_route=\/wp\/v2\/pages\/34676","targetHints":{"allow":["GET"]}}],"collection":[{"href":"https:\/\/www.schachklub-bad-homburg.de\/index.php?rest_route=\/wp\/v2\/pages"}],"about":[{"href":"https:\/\/www.schachklub-bad-homburg.de\/index.php?rest_route=\/wp\/v2\/types\/page"}],"author":[{"embeddable":true,"href":"https:\/\/www.schachklub-bad-homburg.de\/index.php?rest_route=\/wp\/v2\/users\/10"}],"replies":[{"embeddable":true,"href":"https:\/\/www.schachklub-bad-homburg.de\/index.php?rest_route=%2Fwp%2Fv2%2Fcomments&post=34676"}],"version-history":[{"count":6,"href":"https:\/\/www.schachklub-bad-homburg.de\/index.php?rest_route=\/wp\/v2\/pages\/34676\/revisions"}],"predecessor-version":[{"id":34722,"href":"https:\/\/www.schachklub-bad-homburg.de\/index.php?rest_route=\/wp\/v2\/pages\/34676\/revisions\/34722"}],"up":[{"embeddable":true,"href":"https:\/\/www.schachklub-bad-homburg.de\/index.php?rest_route=\/wp\/v2\/pages\/34518"}],"wp:attachment":[{"href":"https:\/\/www.schachklub-bad-homburg.de\/index.php?rest_route=%2Fwp%2Fv2%2Fmedia&parent=34676"}],"curies":[{"name":"wp","href":"https:\/\/api.w.org\/{rel}","templated":true}]}}