{"id":24290,"date":"2023-03-11T14:26:11","date_gmt":"2023-03-11T13:26:11","guid":{"rendered":"https:\/\/www.schachklub-bad-homburg.de\/?page_id=24290"},"modified":"2023-03-27T07:38:34","modified_gmt":"2023-03-27T05:38:34","slug":"pokalmeisterschaft-2023-ausschreibung","status":"publish","type":"page","link":"https:\/\/www.schachklub-bad-homburg.de\/?page_id=24290","title":{"rendered":"Pokalmeisterschaft 2023, Ausschreibung"},"content":{"rendered":"\n<p><a href=\"https:\/\/www.schachklub-bad-homburg.de\/?page_id=24290\">Ausschreibung<\/a> <a href=\"https:\/\/www.schachklub-bad-homburg.de\/?page_id=24294\">Teilnehmer (alphabetisch)<\/a> <a href=\"https:\/\/www.schachklub-bad-homburg.de\/?page_id=24297\">Teilnehmer (DWZ)<\/a> <a href=\"https:\/\/www.schachklub-bad-homburg.de\/?page_id=24300\">Paarungen\/Ergebnisse<\/a> <a href=\"https:\/\/www.schachklub-bad-homburg.de\/?page_id=24303\">KO-Baum<\/a> <a href=\"https:\/\/www.schachklub-bad-homburg.de\/?page_id=30642\">Historie<\/a><\/p>\n\n\n\n<h3>Ausschreibung<\/h3>\n<table>\n  <tbody>\n    <tr>\n      <th style=\"vertical-align:top;\">Kurzinfo<\/th>\n      \n      <td>Vereinsturnier nach <b>KO-System<\/b> mit Preisen und einer Bedenkzeit von 1,5 Stunden plus 30 Sekunden je Zug f\u00fcr die ganze Partie.\n       <\/td>\n    <\/tr>\n    <tr>\n      <th style=\"vertical-align:top;\">Bedenkzeit<\/th>\n      \n      <td>Die Bedenkzeit betr\u00e4gt <b>90 Minuten zuz\u00fcglich 30 Sekunden (Fischer) je Zug<\/b> (Spielweise 12 bzw. 17 auf unseren Digitaluhren).\n\t<\/td>\n    <\/tr>\n    <tr>\n      <th style=\"vertical-align:top;\">Turniermodus<\/th>\n      \n      <td>F\u00fcr die Durchf\u00fchrung des Turniers sind 5 Termine im Kalender reserviert. Bei mehr als 32 Teilnehmern wird die Vorrunde zusammen mit den schon m\u00f6glichen Partien der 1. Runde gespielt.\nDie Paarungen werden mindestens <b>eine Woche vor jeder Runde<\/b> ausgelost. <br> Bei Remis folgt <b>zwingend (!) unmittelbar<\/b> ein Stichkampf mit 10 Minuten zuz\u00fcglich 10 Sekunden (Fischer) je Zug, danach ggf. weitere mit 3 Minuten zuz\u00fcglich 2 Sekunden mit stets wechselnden Farben. Die erste Siegpartie bringt die Entscheidung. <br>\n\t<\/td>\n    <\/tr>\n    <tr>\n      <th style=\"vertical-align:top;\">Spielort, Meldeschluss<\/th>\n      \n      <td>In der Regel wird im Vereinshaus Gonzenheim gespielt (<a href=\"https:\/\/schachklub-bad-homburg.de\/?page_id=3776\">Anfahrtskizze<\/a>).\nDie Anmeldung ist im Schachklub in der ausgeh\u00e4ngten Liste oder per E-Mail (<b><a href=\"mailto:turnierleiter@schachklub-bad-homburg.de\">turnierleiter@schachklub-bad-homburg.de<\/a><\/b>) m\u00f6glich.  \nMeldeschluss ist am <b>31. M\u00e4rz 2023, 20:00 Uhr<\/b>. Die Auslosung erfolgt direkt danach.<br>\n<b>Besonderheit:<\/b> f\u00fcr die 1. Hauptrunde und ggf. die Vorrunde wird die Auslosung so vorgenommen, dass die <b>Leistungsdifferenzen der Gegner nicht zu gross<\/b> sind; danach wird frei gelost.\n<\/td>\n    <\/tr>\n    <tr>\n      <th style=\"vertical-align:top;\">Spieltage<\/th>\n      \n      <td>Es ist in der Regel um 20.00 Uhr mit den Runden zu beginnen.<br>\n1. Runde und ggf. Vorrunde: <b>14.04.2023<\/b><br>\n2. Runde: <b>16.06.2023<\/b><br>\n3. Runde: <b>11.08.2023<\/b><br>\n4. Runde: <b>06.10.2023 Achtung: <\/b>zu diesem Termin gibt es noch keine Zusage f\u00fcr einen Raum!<br>\n5. Runde: <b>01.12.2023<\/b><br>\n      <b><font color=\"red\" <b=\"\">Regelung bez\u00fcglich der Verbindlichkeit der Termine:<\/font><\/b><br>\nDie genannten Termine gelten zun\u00e4chst <b>als verbindlich vereinbart<\/b>, sofern der Gegner feststeht!. \nDas kann durch die Vorrunde nicht immer gegeben sein. Ohne entsprechende Vereinbarung mit dem Gegner (und Information des Turnierleiters) nicht zu erscheinen kann den <b>Verlust der Partie bedeuten!<\/b>\nVerlegungen sind jedoch m\u00f6glich. \nVor jedem Termin erhalten die Spieler die Kontaktdaten ihres Gegners (E-Mail-Adresse und\/oder Telefonnummer). \n\n<\/td>\n    <\/tr>\n    <tr>\n      <th style=\"vertical-align:top;\">Teilnehmer<\/th>\n      \n      <td><b>Ausschlie\u00dflich Vereinsmitglieder des SK Bad Homburg<\/b> sind teilnahmeberechtigt.\n<font color=\"red\">Die Einhaltung der aktuellen Hygiene-Regeln ist Voraussetzung f\u00fcr die Teilnahme. Bei Verst\u00f6\u00dfen kann die Turnierleitung einen Ausschluss verh\u00e4ngen!<\/font>\n\t<\/td>\n    <\/tr>\n    <tr>\n      <th style=\"vertical-align:top;\">Preise<\/th>\n      \n      <td>Der Sieger erh\u00e4lt einen <b>Pokal<\/b>. Sieger und Zweiter erhalten eine Urkunde sowie ein Preisgeld in H\u00f6he von <b>80 bzw. 40 Euro<\/b>.\n      <\/td>\n    <\/tr>\n    <tr>\n      <th style=\"vertical-align:top;\">DWZ-Wertung<\/th>\n      \n      <td>F\u00fcr das Turnier erfolgt <b>keine<\/b> DWZ-Wertung. \n\t<\/td>\n    <\/tr>\n    <tr>\n      <th style=\"vertical-align:top;\">Startgelder<\/th>\n      \n      <td>Es wird kein Startgeld erhoben.\n\t<\/td>\n    <\/tr>\n    <tr>\n      <th style=\"vertical-align:top;\">Info-Dienst<\/th>\n\n      <td>\u00dcber dieses Turnier wird aktuell im Internet und per Aushang berichtet. Alle das Turnier betreffende Informationen werden ausschlie\u00dflich so ver\u00f6ffentlicht.\n\t<\/td>\n    <\/tr>\n    <tr>\n      <th style=\"vertical-align:top;\">Veranstalter<\/th>\n      \n      <td>Der <a href=\"https:\/\/www.schachklub-bad-homburg.de\/\">Schachklub Bad Homburg<\/a> ist der Veranstalter dieses Turniers.\n\t<\/td>\n    <\/tr>\n    <tr>\n      <th style=\"vertical-align:top;\">Fragen?<\/th>\n      \n      <td>Eine E-Mail an den <a href=\"mailto:Turnierleiter@schachklub-bad-homburg.de\">Organisator<\/a>  wird kurzfristig beantwortet.\n\t<\/td>\n    <\/tr>\n  <\/tbody>\n<\/table>\n\n\n\n<p><\/p>\n","protected":false},"excerpt":{"rendered":"<p>Ausschreibung Teilnehmer (alphabetisch) Teilnehmer (DWZ) Paarungen\/Ergebnisse KO-Baum Historie Ausschreibung Kurzinfo Vereinsturnier nach KO-System mit Preisen und einer Bedenkzeit von 1,5 Stunden plus 30 Sekunden je Zug f\u00fcr die ganze Partie. Bedenkzeit Die Bedenkzeit betr\u00e4gt 90 Minuten zuz\u00fcglich 30 Sekunden (Fischer) je Zug (Spielweise 12 bzw. 17 auf unseren Digitaluhren). Turniermodus F\u00fcr die Durchf\u00fchrung des Turniers <a href=\"https:\/\/www.schachklub-bad-homburg.de\/?page_id=24290\" class=\"more-link\">...weiterlesen<span class=\"screen-reader-text\"> \"Pokalmeisterschaft 2023, Ausschreibung\"<\/span><\/a><\/p>\n","protected":false},"author":10,"featured_media":0,"parent":23445,"menu_order":0,"comment_status":"closed","ping_status":"closed","template":"","meta":{"footnotes":""},"class_list":["post-24290","page","type-page","status-publish","h-entry","hentry","h-as-page"],"_links":{"self":[{"href":"https:\/\/www.schachklub-bad-homburg.de\/index.php?rest_route=\/wp\/v2\/pages\/24290","targetHints":{"allow":["GET"]}}],"collection":[{"href":"https:\/\/www.schachklub-bad-homburg.de\/index.php?rest_route=\/wp\/v2\/pages"}],"about":[{"href":"https:\/\/www.schachklub-bad-homburg.de\/index.php?rest_route=\/wp\/v2\/types\/page"}],"author":[{"embeddable":true,"href":"https:\/\/www.schachklub-bad-homburg.de\/index.php?rest_route=\/wp\/v2\/users\/10"}],"replies":[{"embeddable":true,"href":"https:\/\/www.schachklub-bad-homburg.de\/index.php?rest_route=%2Fwp%2Fv2%2Fcomments&post=24290"}],"version-history":[{"count":5,"href":"https:\/\/www.schachklub-bad-homburg.de\/index.php?rest_route=\/wp\/v2\/pages\/24290\/revisions"}],"predecessor-version":[{"id":24465,"href":"https:\/\/www.schachklub-bad-homburg.de\/index.php?rest_route=\/wp\/v2\/pages\/24290\/revisions\/24465"}],"up":[{"embeddable":true,"href":"https:\/\/www.schachklub-bad-homburg.de\/index.php?rest_route=\/wp\/v2\/pages\/23445"}],"wp:attachment":[{"href":"https:\/\/www.schachklub-bad-homburg.de\/index.php?rest_route=%2Fwp%2Fv2%2Fmedia&parent=24290"}],"curies":[{"name":"wp","href":"https:\/\/api.w.org\/{rel}","templated":true}]}}