{"id":18472,"date":"2020-12-29T21:09:06","date_gmt":"2020-12-29T20:09:06","guid":{"rendered":"https:\/\/www.schachklub-bad-homburg.de\/?page_id=18472"},"modified":"2022-02-18T07:38:49","modified_gmt":"2022-02-18T06:38:49","slug":"pokalmeisterschaft-2021-ausschreibung","status":"publish","type":"page","link":"https:\/\/www.schachklub-bad-homburg.de\/?page_id=18472","title":{"rendered":"Pokalmeisterschaft 2022, Ausschreibung"},"content":{"rendered":"<p><a href=\"https:\/\/www.schachklub-bad-homburg.de?p=18472\">Ausschreibung<\/a>&nbsp;&nbsp;<a href=\"https:\/\/www.schachklub-bad-homburg.de?p=18476\">Teilnehmer (alphabetisch)<\/a>&nbsp;&nbsp;<a href=\"https:\/\/www.schachklub-bad-homburg.de?p=18480\">Teilnehmer (DWZ)<\/a>&nbsp;&nbsp;<a href=\"https:\/\/www.schachklub-bad-homburg.de?p=18484\">Paarungen\/Ergebnisse<\/a>&nbsp;&nbsp;<a href=\"https:\/\/www.schachklub-bad-homburg.de?p=18488\">KO-Baum<\/a>&nbsp;&nbsp;<a href=\"https:\/\/www.schachklub-bad-homburg.de?p=30642\">Historie<\/a><\/p>\n\n\n<h1 class=\"wp-block-heading\" id=\"ausschreibung\">Ausschreibung<\/h1>\n\n\n\n<figure class=\"wp-block-table\"><table><tbody><tr><th>Kurzinfo<\/th><td>Vereinsturnier nach&nbsp;<strong>KO-System<\/strong>&nbsp;mit Preisen und einer Bedenkzeit von 1,5 Stunden plus 30 Sekunden je Zug f\u00fcr die ganze Partie.<\/td><\/tr><tr><th>Bedenkzeit<\/th><td>Die Bedenkzeit betr\u00e4gt&nbsp;<strong>90 Minuten zuz\u00fcglich 30 Sekunden (Fischer) je Zug<\/strong>&nbsp;(Spielweise 12 auf unseren Digitaluhren).<\/td><\/tr><tr><th>Turniermodus<\/th><td>F\u00fcr die Durchf\u00fchrung des Turniers sind 5 Termine im Kalender reserviert. Bei mehr als 32 Teilnehmern wird die Vorrunde zusammen mit den schon m\u00f6glichen Partien der 1. Runde gespielt. Die Paarungen werden mindestens&nbsp;<strong>eine Woche vor jeder Runde<\/strong>&nbsp;ausgelost.<br>Bei Remis folgt&nbsp;<strong>zwingend (!) unmittelbar<\/strong>&nbsp;ein Stichkampf mit 10 Minuten zuz\u00fcglich 10 Sekunden (Fischer) je Zug, danach ggf. weitere mit 3 Minuten zuz\u00fcglich 2 Sekunden mit stets wechselnden Farben. Die erste Siegpartie bringt die Entscheidung.<\/td><\/tr><tr><th>Spielort, Meldeschluss<\/th><td>In der Regel wird im Vereinshaus Gonzenheim gespielt (<a href=\"https:\/\/schachklub-bad-homburg.de\/?page_id=3776\">Anfahrtskizze<\/a>). Die Anmeldung ist im Schachklub in der ausgeh\u00e4ngten Liste oder per E-Mail (<strong><a href=\"mailto:turnierleiter@schachklub-bad-homburg.de\">turnierleiter@schachklub-bad-homburg.de<\/a><\/strong>) m\u00f6glich. Meldeschluss ist am&nbsp;<strong>11. M\u00e4rz 2022, 20:00 Uhr<\/strong>. Die Auslosung erfolgt direkt danach.<\/td><\/tr><tr><th>Spieltage<\/th><td>Es ist in der Regel um 20.00 Uhr mit den Runden zu beginnen.<br>1. Runde und ggf. Vorrunde:&nbsp;<strong>18.03.2022<\/strong><br>2. Runde:&nbsp;<strong>03.06.2022<\/strong><br>3. Runde:&nbsp;<strong>15.07.2022<\/strong><br>4. Runde:&nbsp;<strong>19.08.2022<\/strong><br>5. Runde:&nbsp;<strong>07.10.2022<\/strong><\/td><\/tr><tr><th>Teilnehmer<\/th><td><strong>Ausschlie\u00dflich Vereinsmitglieder des SK Bad Homburg<\/strong>&nbsp;sind teilnahmeberechtigt.&nbsp;Die Einhaltung der auf der Homepage des Vereins und im Klubraum bekannt gegebenen Hygiene-Regeln ist Voraussetzung f\u00fcr die Teilnahme. Bei Verst\u00f6\u00dfen kann die Turnierleitung einen Ausschluss verh\u00e4ngen!<\/td><\/tr><tr><th>Preise<\/th><td>Der Sieger erh\u00e4lt einen&nbsp;<strong>Pokal<\/strong>. Sieger und Zweiter erhalten eine Urkunde sowie ein Preisgeld in H\u00f6he von&nbsp;<strong>80 bzw. 40 Euro<\/strong>.<\/td><\/tr><tr><th>DWZ-Wertung<\/th><td>F\u00fcr das Turnier erfolgt&nbsp;<strong>keine<\/strong>&nbsp;DWZ-Wertung.<\/td><\/tr><tr><th>Startgelder<\/th><td>Es wird kein Startgeld erhoben.<\/td><\/tr><tr><th>Info-Dienst<\/th><td>\u00dcber dieses Turnier wird aktuell im Internet und per Aushang berichtet. Alle das Turnier betreffende Informationen werden ausschlie\u00dflich so ver\u00f6ffentlicht.<\/td><\/tr><tr><th>Veranstalter<\/th><td>Der&nbsp;<a href=\"https:\/\/www.schachklub-bad-homburg.de\/\">Schachklub Bad Homburg<\/a>&nbsp;ist der Veranstalter dieses Turniers.<\/td><\/tr><tr><th>Fragen?<\/th><td>Eine E-Mail an den&nbsp;<a href=\"mailto:Turnierleiter@schachklub-bad-homburg.de\">Organisator<\/a>&nbsp;wird kurzfristig beantwortet.<\/td><\/tr><\/tbody><\/table><\/figure>\n","protected":false},"excerpt":{"rendered":"<p>Ausschreibung&nbsp;&nbsp;Teilnehmer (alphabetisch)&nbsp;&nbsp;Teilnehmer (DWZ)&nbsp;&nbsp;Paarungen\/Ergebnisse&nbsp;&nbsp;KO-Baum&nbsp;&nbsp;Historie Ausschreibung Kurzinfo Vereinsturnier nach&nbsp;KO-System&nbsp;mit Preisen und einer Bedenkzeit von 1,5 Stunden plus 30 Sekunden je Zug f\u00fcr die ganze Partie. Bedenkzeit Die Bedenkzeit betr\u00e4gt&nbsp;90 Minuten zuz\u00fcglich 30 Sekunden (Fischer) je Zug&nbsp;(Spielweise 12 auf unseren Digitaluhren). Turniermodus F\u00fcr die Durchf\u00fchrung des Turniers sind 5 Termine im Kalender reserviert. Bei mehr als 32 Teilnehmern <a href=\"https:\/\/www.schachklub-bad-homburg.de\/?page_id=18472\" class=\"more-link\">...weiterlesen<span class=\"screen-reader-text\"> \"Pokalmeisterschaft 2022, Ausschreibung\"<\/span><\/a><\/p>\n","protected":false},"author":10,"featured_media":0,"parent":18488,"menu_order":0,"comment_status":"closed","ping_status":"closed","template":"","meta":{"footnotes":""},"class_list":["post-18472","page","type-page","status-publish","h-entry","hentry","h-as-page"],"_links":{"self":[{"href":"https:\/\/www.schachklub-bad-homburg.de\/index.php?rest_route=\/wp\/v2\/pages\/18472","targetHints":{"allow":["GET"]}}],"collection":[{"href":"https:\/\/www.schachklub-bad-homburg.de\/index.php?rest_route=\/wp\/v2\/pages"}],"about":[{"href":"https:\/\/www.schachklub-bad-homburg.de\/index.php?rest_route=\/wp\/v2\/types\/page"}],"author":[{"embeddable":true,"href":"https:\/\/www.schachklub-bad-homburg.de\/index.php?rest_route=\/wp\/v2\/users\/10"}],"replies":[{"embeddable":true,"href":"https:\/\/www.schachklub-bad-homburg.de\/index.php?rest_route=%2Fwp%2Fv2%2Fcomments&post=18472"}],"version-history":[{"count":7,"href":"https:\/\/www.schachklub-bad-homburg.de\/index.php?rest_route=\/wp\/v2\/pages\/18472\/revisions"}],"predecessor-version":[{"id":20951,"href":"https:\/\/www.schachklub-bad-homburg.de\/index.php?rest_route=\/wp\/v2\/pages\/18472\/revisions\/20951"}],"up":[{"embeddable":true,"href":"https:\/\/www.schachklub-bad-homburg.de\/index.php?rest_route=\/wp\/v2\/pages\/18488"}],"wp:attachment":[{"href":"https:\/\/www.schachklub-bad-homburg.de\/index.php?rest_route=%2Fwp%2Fv2%2Fmedia&parent=18472"}],"curies":[{"name":"wp","href":"https:\/\/api.w.org\/{rel}","templated":true}]}}