{"id":16466,"date":"2020-02-26T07:03:16","date_gmt":"2020-02-26T06:03:16","guid":{"rendered":"https:\/\/www.schachklub-bad-homburg.de\/?page_id=16466"},"modified":"2021-07-10T11:39:03","modified_gmt":"2021-07-10T09:39:03","slug":"schnellschach-meisterschaft-2020-ausschreibung","status":"publish","type":"page","link":"https:\/\/www.schachklub-bad-homburg.de\/?page_id=16466","title":{"rendered":"Schnellschach-Meisterschaft 2020, Ausschreibung"},"content":{"rendered":"<p><a href=\"http:\/\/www.schachklub-bad-homburg.de?p=16466\">Ausschreibung<\/a>&nbsp;&nbsp;<a href=\"http:\/\/www.schachklub-bad-homburg.de?p=16470\">Teilnehmer (alphabetisch)<\/a>&nbsp;&nbsp;<a href=\"http:\/\/www.schachklub-bad-homburg.de?p=16468\">Teilnehmer (DWZ)<\/a>&nbsp;&nbsp;<a href=\"http:\/\/www.schachklub-bad-homburg.de?p=16464\">Tabelle<\/a>&nbsp;&nbsp;<a href=\"http:\/\/www.schachklub-bad-homburg.de?p=30642\">Historie<\/a><\/p>\n<p><b><br \/>\n<font color=red>Dieses Turnier fand pandemiebedingt in 2020 nicht statt.<\/font><br \/>\n<\/b><\/p>\n<p><body leftmargin=\"30\"><\/p>\n<table>\n<tbody>\n<tr>\n<th style=\"vertical-align:top;\">Kurzinfo<\/th>\n<td>Offenes Schnellschachturnier am <b>06.11.2020<\/b>. Je nach Beteiligung <b>Rundenturnier oder Schweizer System<\/b>.\n       <\/td>\n<\/tr>\n<tr>\n<th style=\"vertical-align:top;\">Bedenkzeit<\/th>\n<td>8 Sekunden frei je Zug plus 13 Minuten je Spieler und Partie (Bronstein). Im Falle eines zurecht reklamierten regelwidrigen Zuges gibt es - im Gegensatz zu der unpraktikablen FIDE-Regel - keine Zeitgutschrift, sondern den vollen Punkt.\n\t<\/td>\n<\/tr>\n<tr>\n<th style=\"vertical-align:top;\">Turniermodus<\/th>\n<td>Bei bis zu <b>8<\/b> Teilnehmern <b>Rundenturnier<\/b>, sonst <b>7 Runden Schweizer System<\/b> mit Zweitwertung Buchholz und Drittwertung Sonneborn-Berger. Das Turnier wird an einem Abend ausgetragen.\n\t<\/td>\n<\/tr>\n<tr>\n<th style=\"vertical-align:top;\">Spielbeginn, Meldeschluss<\/th>\n<td>Turnierbeginn ist am <b>06.11.2020<\/b> im Vereinshaus Gonzenheim (<a href=\"https:\/\/schachklub-bad-homburg.de\/?page_id=3776\">Anfahrtskizze<\/a>) <b>p\u00fcnktlich um 20:15 Uhr<\/b>, Meldeschluss ist um <b>20:00<\/b>.\n\t<\/td>\n<\/tr>\n<tr>\n<th style=\"vertical-align:top;\">Teilnehmer<\/th>\n<td>Das Turnier ist offen f\u00fcr alle Schachspieler.<br \/>\n<font color=\"red\">Die Einhaltung der auf der Homepage des Vereins und im Klubraum bekannt gegebenen Hygiene-Regeln ist Voraussetzung f\u00fcr die Teilnahme. Bei Verst\u00f6\u00dfen kann die Turnierleitung einen Ausschluss verh\u00e4ngen!<\/font>\n\t<\/td>\n<\/tr>\n<tr>\n<th style=\"vertical-align:top;\">Preise<\/th>\n<td>Die ersten Drei erhalten bei der folgenden Mitgliederversammlung eine <b>Urkunde<\/b>.\n      <\/td>\n<\/tr>\n<tr>\n<th style=\"vertical-align:top;\">Startgelder<\/th>\n<td>Es wird kein Startgeld erhoben.\n\t<\/td>\n<\/tr>\n<tr>\n<th style=\"vertical-align:top;\">Info-Dienst<\/th>\n<td>\u00dcber dieses Turnier wird aktuell im Internet und per Aushang berichtet. Alle das Turnier betreffende Informationen werden ausschlie\u00dflich so ver\u00f6ffentlicht.\n\t<\/td>\n<\/tr>\n<tr>\n<th style=\"vertical-align:top;\">Veranstalter<\/th>\n<td>Der <a href=\"https:\/\/www.schachklub-bad-homburg.de\/\">Schachklub Bad Homburg<\/a> ist der Veranstalter dieses Turniers.\n\t<\/td>\n<\/tr>\n<tr>\n<th style=\"vertical-align:top;\">Fragen?<\/th>\n<td>Eine email an den <a href=\"mailto:Turnierleiter@schachklub-bad-homburg.de\">Organisator<\/a>  wird kurzfristig beantwortet.\n\t<\/td>\n<\/tr>\n<\/tbody>\n<\/table>\n<p><\/body><\/html><\/p>\n","protected":false},"excerpt":{"rendered":"<p>Ausschreibung&nbsp;&nbsp;Teilnehmer (alphabetisch)&nbsp;&nbsp;Teilnehmer (DWZ)&nbsp;&nbsp;Tabelle&nbsp;&nbsp;Historie Dieses Turnier fand pandemiebedingt in 2020 nicht statt. Kurzinfo Offenes Schnellschachturnier am 06.11.2020. Je nach Beteiligung Rundenturnier oder Schweizer System. Bedenkzeit 8 Sekunden frei je Zug plus 13 Minuten je Spieler und Partie (Bronstein). Im Falle eines zurecht reklamierten regelwidrigen Zuges gibt es - im Gegensatz zu der unpraktikablen FIDE-Regel - keine <a href=\"https:\/\/www.schachklub-bad-homburg.de\/?page_id=16466\" class=\"more-link\">...weiterlesen<span class=\"screen-reader-text\"> \"Schnellschach-Meisterschaft 2020, Ausschreibung\"<\/span><\/a><\/p>\n","protected":false},"author":2,"featured_media":0,"parent":16464,"menu_order":0,"comment_status":"closed","ping_status":"closed","template":"","meta":{"footnotes":""},"class_list":["post-16466","page","type-page","status-publish","h-entry","hentry","h-as-page"],"_links":{"self":[{"href":"https:\/\/www.schachklub-bad-homburg.de\/index.php?rest_route=\/wp\/v2\/pages\/16466","targetHints":{"allow":["GET"]}}],"collection":[{"href":"https:\/\/www.schachklub-bad-homburg.de\/index.php?rest_route=\/wp\/v2\/pages"}],"about":[{"href":"https:\/\/www.schachklub-bad-homburg.de\/index.php?rest_route=\/wp\/v2\/types\/page"}],"author":[{"embeddable":true,"href":"https:\/\/www.schachklub-bad-homburg.de\/index.php?rest_route=\/wp\/v2\/users\/2"}],"replies":[{"embeddable":true,"href":"https:\/\/www.schachklub-bad-homburg.de\/index.php?rest_route=%2Fwp%2Fv2%2Fcomments&post=16466"}],"version-history":[{"count":9,"href":"https:\/\/www.schachklub-bad-homburg.de\/index.php?rest_route=\/wp\/v2\/pages\/16466\/revisions"}],"predecessor-version":[{"id":19398,"href":"https:\/\/www.schachklub-bad-homburg.de\/index.php?rest_route=\/wp\/v2\/pages\/16466\/revisions\/19398"}],"up":[{"embeddable":true,"href":"https:\/\/www.schachklub-bad-homburg.de\/index.php?rest_route=\/wp\/v2\/pages\/16464"}],"wp:attachment":[{"href":"https:\/\/www.schachklub-bad-homburg.de\/index.php?rest_route=%2Fwp%2Fv2%2Fmedia&parent=16466"}],"curies":[{"name":"wp","href":"https:\/\/api.w.org\/{rel}","templated":true}]}}