{"id":13726,"date":"2019-02-27T18:44:26","date_gmt":"2019-02-27T17:44:26","guid":{"rendered":"https:\/\/www.schachklub-bad-homburg.de\/?page_id=13726"},"modified":"2019-02-27T18:47:59","modified_gmt":"2019-02-27T17:47:59","slug":"pokalmeisterschaft-2019-ausschreibung","status":"publish","type":"page","link":"https:\/\/www.schachklub-bad-homburg.de\/?page_id=13726","title":{"rendered":"Pokalmeisterschaft 2019, Ausschreibung"},"content":{"rendered":"<p><a href=\"https:\/\/www.schachklub-bad-homburg.de?p=13726\">Ausschreibung<\/a>&nbsp;&nbsp;<a href=\"https:\/\/www.schachklub-bad-homburg.de?p=13728\">Teilnehmer (alphabetisch)<\/a>&nbsp;&nbsp;<a href=\"https:\/\/www.schachklub-bad-homburg.de?p=13730\">Teilnehmer (DWZ)<\/a>&nbsp;&nbsp;<a href=\"https:\/\/www.schachklub-bad-homburg.de?p=13732\">Paarungen\/Ergebnisse<\/a>&nbsp;&nbsp;<a href=\"https:\/\/www.schachklub-bad-homburg.de?p=13724\">KO-Baum<\/a>&nbsp;&nbsp;<a href=\"https:\/\/www.schachklub-bad-homburg.de?p=30642\">Historie<\/a><\/p>\n<table>\n<tbody>\n<tr>\n<th style=\"vertical-align:top;\">Kurzinfo<\/th>\n<td>Vereinsturnier nach <b>KO-System<\/b> mit Preisen und einer Bedenkzeit von 1,5 Stunden plus 30 Sekunden je Zug f\u00fcr die ganze Partie.\n       <\/td>\n<\/tr>\n<tr>\n<th style=\"vertical-align:top;\">Bedenkzeit<\/th>\n<td>Die Bedenkzeit betr\u00e4gt <b>90 Minuten zuz\u00fcglich 30 Sekunden (Fischer) je Zug<\/b> (Spielweise 12 auf unseren Digitaluhren).\n\t<\/td>\n<\/tr>\n<tr>\n<th style=\"vertical-align:top;\">Turniermodus<\/th>\n<td>F\u00fcr die Durchf\u00fchrung des Turniers sind 5 Termine im Kalender reserviert. Bei mehr als 32 Teilnehmern wird die Vorrunde zusammen mit den schon m\u00f6glichen Partien der 1. Runde gespielt.<br \/>\nDie Paarungen werden mindestens <b>eine Woche vor jeder Runde<\/b> ausgelost. <br \/> Bei Remis folgt <b>zwingend (!) unmittelbar<\/b> ein Stichkampf mit 10 Minuten zuz\u00fcglich 10 Sekunden (Fischer) je Zug, danach ggf. weitere mit 3 Minuten zuz\u00fcglich 2 Sekunden mit stets wechselnden Farben. Die erste Siegpartie bringt die Entscheidung. \n\t<\/td>\n<\/tr>\n<tr>\n<th style=\"vertical-align:top;\">Spielort, Meldeschluss<\/th>\n<td>In der Regel wird in der Albin-G\u00f6hring-Halle in Bad Homburg Ober-Eschbach gespielt (<a href = \"https:\/\/schachklub-bad-homburg.de\/?page_id=3776\">Anfahrtskizze<\/a>).<br \/>\nDie Anmeldung ist im Schachklub in der ausgeh\u00e4ngten Liste oder per E-Mail (<b><a href =\"mailto:turnierleiter@schachklub-bad-homburg.de\">turnierleiter@schachklub-bad-homburg.de<\/a><\/b>) m\u00f6glich.<br \/>\nMeldeschluss ist am <b>15. M\u00e4rz 2019<\/b> um <b>20:00 Uhr (per E-Mail um 16:00 Uhr)<\/b>. Die Auslosung erfolgt direkt danach.\n<\/td>\n<\/tr>\n<tr>\n<th style=\"vertical-align:top;\">Spieltage<\/th>\n<td>Es ist in der Regel um 20.00 Uhr mit den Runden zu beginnen.<br \/>\n1. Runde und ggf. Vorrunde: <b>22.03.2019<\/b><br \/>\n2. Runde: <b>10.05.2019<\/b><br \/>\n3. Runde: <b>14.06.2019<\/b><br \/>\n4. Runde: <b>16.08.2019<\/b><br \/>\n5. Runde: <b>18.10.2019<\/b>\n<\/td>\n<\/tr>\n<tr>\n<th style=\"vertical-align:top;\">Teilnehmer<\/th>\n<td><b>Ausschlie\u00dflich Vereinsmitglieder des SK Bad Homburg<\/b> sind teilnahmeberechtigt.\n\t<\/td>\n<\/tr>\n<tr>\n<th style=\"vertical-align:top;\">Preise<\/th>\n<td>Der Sieger erh\u00e4lt einen <b>Pokal<\/b>. Sieger und Zweiter erhalten eine Urkunde sowie ein Preisgeld in H\u00f6he von <b>80 bzw. 40 Euro<\/b>.\n      <\/td>\n<\/tr>\n<tr>\n<th style=\"vertical-align:top;\">DWZ-Wertung<\/th>\n<td>F\u00fcr das Turnier erfolgt <b>keine<\/b> DWZ-Wertung.\n\t<\/td>\n<\/tr>\n<tr>\n<th style=\"vertical-align:top;\">Startgelder<\/th>\n<td>Es wird kein Startgeld erhoben.\n\t<\/td>\n<\/tr>\n<tr>\n<th style=\"vertical-align:top;\">Info-Dienst<\/th>\n<td>\u00dcber dieses Turnier wird aktuell im Internet und per Aushang berichtet. Alle das Turnier betreffende Informationen werden ausschlie\u00dflich so ver\u00f6ffentlicht.\n\t<\/td>\n<\/tr>\n<tr>\n<th style=\"vertical-align:top;\">Veranstalter<\/th>\n<td>Der <a href=\"https:\/\/www.schachklub-bad-homburg.de\/\">Schachklub Bad Homburg<\/a> ist der Veranstalter dieses Turniers.\n\t<\/td>\n<\/tr>\n<tr>\n<th style=\"vertical-align:top;\">Fragen?<\/th>\n<td>Eine E-Mail an den <a href=\"mailto:Turnierleiter@schachklub-bad-homburg.de\">Organisator<\/a>  wird kurzfristig beantwortet.\n\t<\/td>\n<\/tr>\n<\/tbody>\n<\/table>\n","protected":false},"excerpt":{"rendered":"<p>Ausschreibung&nbsp;&nbsp;Teilnehmer (alphabetisch)&nbsp;&nbsp;Teilnehmer (DWZ)&nbsp;&nbsp;Paarungen\/Ergebnisse&nbsp;&nbsp;KO-Baum&nbsp;&nbsp;Historie Kurzinfo Vereinsturnier nach KO-System mit Preisen und einer Bedenkzeit von 1,5 Stunden plus 30 Sekunden je Zug f\u00fcr die ganze Partie. Bedenkzeit Die Bedenkzeit betr\u00e4gt 90 Minuten zuz\u00fcglich 30 Sekunden (Fischer) je Zug (Spielweise 12 auf unseren Digitaluhren). Turniermodus F\u00fcr die Durchf\u00fchrung des Turniers sind 5 Termine im Kalender reserviert. Bei mehr <a href=\"https:\/\/www.schachklub-bad-homburg.de\/?page_id=13726\" class=\"more-link\">...weiterlesen<span class=\"screen-reader-text\"> \"Pokalmeisterschaft 2019, Ausschreibung\"<\/span><\/a><\/p>\n","protected":false},"author":2,"featured_media":0,"parent":13724,"menu_order":0,"comment_status":"closed","ping_status":"closed","template":"","meta":{"footnotes":""},"class_list":["post-13726","page","type-page","status-publish","h-entry","hentry","h-as-page"],"_links":{"self":[{"href":"https:\/\/www.schachklub-bad-homburg.de\/index.php?rest_route=\/wp\/v2\/pages\/13726","targetHints":{"allow":["GET"]}}],"collection":[{"href":"https:\/\/www.schachklub-bad-homburg.de\/index.php?rest_route=\/wp\/v2\/pages"}],"about":[{"href":"https:\/\/www.schachklub-bad-homburg.de\/index.php?rest_route=\/wp\/v2\/types\/page"}],"author":[{"embeddable":true,"href":"https:\/\/www.schachklub-bad-homburg.de\/index.php?rest_route=\/wp\/v2\/users\/2"}],"replies":[{"embeddable":true,"href":"https:\/\/www.schachklub-bad-homburg.de\/index.php?rest_route=%2Fwp%2Fv2%2Fcomments&post=13726"}],"version-history":[{"count":2,"href":"https:\/\/www.schachklub-bad-homburg.de\/index.php?rest_route=\/wp\/v2\/pages\/13726\/revisions"}],"predecessor-version":[{"id":13736,"href":"https:\/\/www.schachklub-bad-homburg.de\/index.php?rest_route=\/wp\/v2\/pages\/13726\/revisions\/13736"}],"up":[{"embeddable":true,"href":"https:\/\/www.schachklub-bad-homburg.de\/index.php?rest_route=\/wp\/v2\/pages\/13724"}],"wp:attachment":[{"href":"https:\/\/www.schachklub-bad-homburg.de\/index.php?rest_route=%2Fwp%2Fv2%2Fmedia&parent=13726"}],"curies":[{"name":"wp","href":"https:\/\/api.w.org\/{rel}","templated":true}]}}