{"id":13710,"date":"2019-02-27T18:37:11","date_gmt":"2019-02-27T17:37:11","guid":{"rendered":"https:\/\/www.schachklub-bad-homburg.de\/?page_id=13710"},"modified":"2019-04-07T14:49:11","modified_gmt":"2019-04-07T12:49:11","slug":"senioren-meisterschaft-2019-teilnehmer-dwz","status":"publish","type":"page","link":"https:\/\/www.schachklub-bad-homburg.de\/?page_id=13710","title":{"rendered":"Senioren-Meisterschaft 2019, Teilnehmer (DWZ)"},"content":{"rendered":"<p><a href=\"https:\/\/www.schachklub-bad-homburg.de?p=13706\">Ausschreibung<\/a>&nbsp;&nbsp;<a href=\"https:\/\/www.schachklub-bad-homburg.de?p=13708\">Teilnehmer (alphabetisch)<\/a>&nbsp;&nbsp;<a href=\"https:\/\/www.schachklub-bad-homburg.de?p=13710\">Teilnehmer (DWZ)<\/a>&nbsp;&nbsp;<a href=\"https:\/\/www.schachklub-bad-homburg.de?p=13712\">Paarungen\/Ergebnisse<\/a>&nbsp;&nbsp;<a href=\"https:\/\/www.schachklub-bad-homburg.de?p=13704\">Tabelle<\/a>&nbsp;&nbsp;<a href=\"https:\/\/www.schachklub-bad-homburg.de?p=30642\">Historie<\/a><\/p>\n<table>\n<tr>\n<th style = \"text-align: center;\" width = \"30\">Nr.<\/th>\n<th style = \"text-align: left;\" width = \"200\">Name<\/th>\n<th style = \"text-align: center;\"  width = \"40\">DWZ<\/th>\n<\/tr>\n<tr>\n<td style = \"text-align: center;\">1<\/td>\n<td>Lebermann, Hellmuth<\/td>\n<td style = \"text-align: center;\">1878<\/td>\n<\/tr>\n<tr>\n<td style = \"text-align: center;\">2<\/td>\n<td>Lenhart, Paul<\/td>\n<td style = \"text-align: center;\">1838<\/td>\n<\/tr>\n<tr>\n<td style = \"text-align: center;\">3<\/td>\n<td>Heil, Walter<\/td>\n<td style = \"text-align: center;\">1827<\/td>\n<\/tr>\n<tr>\n<td style = \"text-align: center;\">4<\/td>\n<td>Reimer, Otto<\/td>\n<td style = \"text-align: center;\">1801<\/td>\n<\/tr>\n<tr>\n<td style = \"text-align: center;\">5<\/td>\n<td>Knittel, Michael<\/td>\n<td style = \"text-align: center;\">1492<\/td>\n<\/tr>\n<tr>\n<td style = \"text-align: center;\">6<\/td>\n<td>Desor, Helmut<\/td>\n<td style = \"text-align: center;\">1464<\/td>\n<\/tr>\n<tr>\n<td style = \"text-align: center;\">7<\/td>\n<td>Knuplesch, Ulrich<\/td>\n<td style = \"text-align: center;\">1430<\/td>\n<\/tr>\n<tr>\n<td style = \"text-align: center;\">8<\/td>\n<td>Berg, Rainer<\/td>\n<td style = \"text-align: center;\">1306<\/td>\n<\/tr>\n<tr>\n<td style = \"text-align: center;\">9<\/td>\n<td>Petry, Joachim<\/td>\n<td style = \"text-align: center;\">1277<\/td>\n<\/tr>\n<tr>\n<td style = \"text-align: center;\">10<\/td>\n<td>W\u00fcrzberger, G\u00fcnter<\/td>\n<td style = \"text-align: center;\">1225<\/td>\n<\/tr>\n<tr>\n<td style = \"text-align: center;\">11<\/td>\n<td>Benz, J\u00fcrgen<\/td>\n<td style = \"text-align: center;\">1200<\/td>\n<\/tr>\n<tr>\n<td style = \"text-align: center;\">12<\/td>\n<td>Lautenbacher, Michael, Dr.<\/td>\n<td style = \"text-align: center;\">1150<\/td>\n<\/tr>\n<tr>\n<td style = \"text-align: center;\">13<\/td>\n<td>Thaler, Regina<\/td>\n<td style = \"text-align: center;\">1143<\/td>\n<\/tr>\n<tr>\n<td style = \"text-align: center;\">14<\/td>\n<td>Schaack, Frank<\/td>\n<td style = \"text-align: center;\">895<\/td>\n<\/tr>\n<\/table>\n","protected":false},"excerpt":{"rendered":"<p>Ausschreibung&nbsp;&nbsp;Teilnehmer (alphabetisch)&nbsp;&nbsp;Teilnehmer (DWZ)&nbsp;&nbsp;Paarungen\/Ergebnisse&nbsp;&nbsp;Tabelle&nbsp;&nbsp;Historie Nr. Name DWZ 1 Lebermann, Hellmuth 1878 2 Lenhart, Paul 1838 3 Heil, Walter 1827 4 Reimer, Otto 1801 5 Knittel, Michael 1492 6 Desor, Helmut 1464 7 Knuplesch, Ulrich 1430 8 Berg, Rainer 1306 9 Petry, Joachim 1277 10 W\u00fcrzberger, G\u00fcnter 1225 11 Benz, J\u00fcrgen 1200 12 Lautenbacher, Michael, Dr. 1150 <a href=\"https:\/\/www.schachklub-bad-homburg.de\/?page_id=13710\" class=\"more-link\">...weiterlesen<span class=\"screen-reader-text\"> \"Senioren-Meisterschaft 2019, Teilnehmer (DWZ)\"<\/span><\/a><\/p>\n","protected":false},"author":2,"featured_media":0,"parent":13704,"menu_order":2,"comment_status":"closed","ping_status":"closed","template":"","meta":{"footnotes":""},"class_list":["post-13710","page","type-page","status-publish","h-entry","hentry","h-as-page"],"_links":{"self":[{"href":"https:\/\/www.schachklub-bad-homburg.de\/index.php?rest_route=\/wp\/v2\/pages\/13710","targetHints":{"allow":["GET"]}}],"collection":[{"href":"https:\/\/www.schachklub-bad-homburg.de\/index.php?rest_route=\/wp\/v2\/pages"}],"about":[{"href":"https:\/\/www.schachklub-bad-homburg.de\/index.php?rest_route=\/wp\/v2\/types\/page"}],"author":[{"embeddable":true,"href":"https:\/\/www.schachklub-bad-homburg.de\/index.php?rest_route=\/wp\/v2\/users\/2"}],"replies":[{"embeddable":true,"href":"https:\/\/www.schachklub-bad-homburg.de\/index.php?rest_route=%2Fwp%2Fv2%2Fcomments&post=13710"}],"version-history":[{"count":9,"href":"https:\/\/www.schachklub-bad-homburg.de\/index.php?rest_route=\/wp\/v2\/pages\/13710\/revisions"}],"predecessor-version":[{"id":14073,"href":"https:\/\/www.schachklub-bad-homburg.de\/index.php?rest_route=\/wp\/v2\/pages\/13710\/revisions\/14073"}],"up":[{"embeddable":true,"href":"https:\/\/www.schachklub-bad-homburg.de\/index.php?rest_route=\/wp\/v2\/pages\/13704"}],"wp:attachment":[{"href":"https:\/\/www.schachklub-bad-homburg.de\/index.php?rest_route=%2Fwp%2Fv2%2Fmedia&parent=13710"}],"curies":[{"name":"wp","href":"https:\/\/api.w.org\/{rel}","templated":true}]}}